CRAN Package Check Results for Package FAmle

Last updated on 2025-10-23 17:50:47 CEST.

Flavor Version Tinstall Tcheck Ttotal Status Flags
r-devel-linux-x86_64-debian-clang 1.3.7 3.12 82.00 85.12 NOTE
r-devel-linux-x86_64-debian-gcc 1.3.7 2.40 52.27 54.67 NOTE
r-devel-linux-x86_64-fedora-clang 1.3.7 127.05 OK
r-devel-linux-x86_64-fedora-gcc 1.3.7 137.73 OK
r-devel-windows-x86_64 1.3.7 6.00 107.00 113.00 OK
r-patched-linux-x86_64 1.3.7 3.57 79.82 83.39 OK
r-release-linux-x86_64 1.3.7 2.67 77.23 79.90 OK
r-release-macos-arm64 1.3.7 2.00 44.00 46.00 OK
r-release-macos-x86_64 1.3.7 4.00 99.00 103.00 OK
r-release-windows-x86_64 1.3.7 7.00 111.00 118.00 OK
r-oldrel-macos-arm64 1.3.7 2.00 40.00 42.00 OK
r-oldrel-macos-x86_64 1.3.7 4.00 72.00 76.00 OK
r-oldrel-windows-x86_64 1.3.7 7.00 125.00 132.00 OK

Check Details

Version: 1.3.7
Check: CRAN incoming feasibility
Result: NOTE Maintainer: ‘Thomas Petzoldt <thomas.petzoldt@tu-dresden.de>’ No Authors@R field in DESCRIPTION. Please add one, modifying Authors@R: c(person(given = "Francois", family = "Aucoin", role = "aut"), person(given = "Thomas", family = "Petzoldt", role = "cre", email = "thomas.petzoldt@tu-dresden.de")) as necessary. Flavors: r-devel-linux-x86_64-debian-clang, r-devel-linux-x86_64-debian-gcc

Version: 1.3.7
Check: HTML version of manual
Result: NOTE Found the following HTML validation problems: FAmle-internal.html:112:1 (FAmle-internal.Rd:49): Warning: missing </ul> before </div> Flavor: r-devel-linux-x86_64-debian-clang