CRAN Package Check Results for Package FREQ

Last updated on 2025-10-21 17:49:48 CEST.

Flavor Version Tinstall Tcheck Ttotal Status Flags
r-devel-linux-x86_64-debian-clang 1.0 2.05 18.98 21.03 NOTE
r-devel-linux-x86_64-debian-gcc 1.0 1.62 15.45 17.07 NOTE
r-devel-linux-x86_64-fedora-clang 1.0 30.66 OK
r-devel-linux-x86_64-fedora-gcc 1.0 29.23 OK
r-devel-windows-x86_64 1.0 3.00 32.00 35.00 OK
r-patched-linux-x86_64 1.0 1.85 17.64 19.49 OK
r-release-linux-x86_64 1.0 1.92 17.54 19.46 OK
r-release-macos-arm64 1.0 1.00 15.00 16.00 OK
r-release-macos-x86_64 1.0 2.00 19.00 21.00 OK
r-release-windows-x86_64 1.0 4.00 33.00 37.00 OK
r-oldrel-macos-arm64 1.0 1.00 13.00 14.00 OK
r-oldrel-macos-x86_64 1.0 2.00 18.00 20.00 OK
r-oldrel-windows-x86_64 1.0 3.00 33.00 36.00 OK

Check Details

Version: 1.0
Check: CRAN incoming feasibility
Result: NOTE Maintainer: ‘Annegret Grimm <annegret.grimm@ufz.de>’ No Authors@R field in DESCRIPTION. Please add one, modifying Authors@R: c(person(given = c("Annegret", "Grimm", "&", "Klaus"), family = "Henle", role = "aut"), person(given = "Annegret", family = "Grimm", role = "cre", email = "annegret.grimm@ufz.de")) as necessary. Flavors: r-devel-linux-x86_64-debian-clang, r-devel-linux-x86_64-debian-gcc