Last updated on 2025-10-21 11:53:23 CEST.
Flavor | Version | Tinstall | Tcheck | Ttotal | Status | Flags |
---|---|---|---|---|---|---|
r-devel-linux-x86_64-debian-clang | 1.4.4 | 6.82 | 54.16 | 60.98 | NOTE | |
r-devel-linux-x86_64-debian-gcc | 1.4.4 | 5.04 | 40.82 | 45.86 | NOTE | |
r-devel-linux-x86_64-fedora-clang | 1.4.4 | 89.47 | OK | |||
r-devel-linux-x86_64-fedora-gcc | 1.4.4 | 29.00 | 63.00 | 92.00 | OK | |
r-devel-windows-x86_64 | 1.4.4 | 8.00 | 73.00 | 81.00 | OK | |
r-patched-linux-x86_64 | 1.4.4 | 7.97 | 49.62 | 57.59 | OK | |
r-release-linux-x86_64 | 1.4.4 | 6.60 | 49.87 | 56.47 | OK | |
r-release-macos-arm64 | 1.4.4 | 33.00 | OK | |||
r-release-macos-x86_64 | 1.4.4 | 7.00 | 55.00 | 62.00 | OK | |
r-release-windows-x86_64 | 1.4.4 | 9.00 | 75.00 | 84.00 | OK | |
r-oldrel-macos-arm64 | 1.4.4 | 35.00 | OK | |||
r-oldrel-macos-x86_64 | 1.4.4 | 93.00 | OK | |||
r-oldrel-windows-x86_64 | 1.4.4 | 12.00 | 89.00 | 101.00 | OK |
Version: 1.4.4
Check: HTML version of manual
Result: NOTE
Found the following HTML validation problems:
check_lambda_exists.html:54:1 (check_lambda_exists.Rd:14): Warning: missing </ul> before </div>
faasr_abort_on_multiple_invocations.html:53:1 (faasr_abort_on_multiple_invocations.Rd:12): Warning: missing </ul> before </div>
faasr_acquire.html:47:1 (faasr_acquire.Rd:10): Warning: missing </ul> before </div>
faasr_lock.html:46:1 (faasr_lock.Rd:11): Warning: missing </ul> before </div>
faasr_register_workflow_aws_lambda.html:64:1 (faasr_register_workflow_aws_lambda.Rd:22): Warning: missing </ul> before </div>
faasr_register_workflow_aws_lambda_function_build.html:84:1 (faasr_register_workflow_aws_lambda_function_build.Rd:34): Warning: missing </ul> before </div>
faasr_register_workflow_git_local_repo.html:50:1 (faasr_register_workflow_git_local_repo.Rd:12): Warning: missing </ul> before </div>
faasr_register_workflow_git_remote_env.html:54:1 (faasr_register_workflow_git_remote_env.Rd:14): Warning: missing </ul> before </div>
faasr_register_workflow_github_actions.html:65:1 (faasr_register_workflow_github_actions.Rd:21): Warning: missing </ul> before </div>
faasr_register_workflow_github_create_dir.html:50:1 (faasr_register_workflow_github_create_dir.Rd:12): Warning: missing </ul> before </div>
faasr_register_workflow_github_create_env.html:50:1 (faasr_register_workflow_github_create_env.Rd:12): Warning: missing </ul> before </div>
faasr_register_workflow_github_create_payload.html:50:1 (faasr_register_workflow_github_create_payload.Rd:12): Warning: missing </ul> before </div>
faasr_register_workflow_github_create_readme.html:46:1 (faasr_register_workflow_github_create_readme.Rd:10): Warning: missing </ul> before </div>
faasr_register_workflow_github_create_yml_file.html:68:1 (faasr_register_workflow_github_create_yml_file.Rd:24): Warning: missing </ul> before </div>
faasr_register_workflow_openwhisk.html:71:1 (faasr_register_workflow_openwhisk.Rd:25): Warning: missing </ul> before </div>
faasr_register_workflow_openwhisk_create_action.html:79:1 (faasr_register_workflow_openwhisk_create_action.Rd:30): Warning: missing </ul> before </div>
faasr_release.html:47:1 (faasr_release.Rd:10): Warning: missing </ul> before </div>
faasr_set_workflow_timer_gh.html:68:1 (faasr_set_workflow_timer_gh.Rd:24): Warning: missing </ul> before </div>
faasr_set_workflow_timer_ld.html:62:1 (faasr_set_workflow_timer_ld.Rd:18): Warning: missing </ul> before </div>
faasr_set_workflow_timer_ow.html:73:1 (faasr_set_workflow_timer_ow.Rd:27): Warning: missing </ul> before </div>
faasr_workflow_invoke_github.html:60:1 (faasr_workflow_invoke_github.Rd:16): Warning: missing </ul> before </div>
faasr_workflow_invoke_lambda.html:59:1 (faasr_workflow_invoke_lambda.Rd:16): Warning: missing </ul> before </div>
faasr_workflow_invoke_openwhisk.html:63:1 (faasr_workflow_invoke_openwhisk.Rd:18): Warning: missing </ul> before </div>
Flavors: r-devel-linux-x86_64-debian-clang, r-devel-linux-x86_64-debian-gcc