CRAN Package Check Results for Package FourScores

Last updated on 2025-10-21 23:50:54 CEST.

Flavor Version Tinstall Tcheck Ttotal Status Flags
r-devel-linux-x86_64-debian-clang 1.5.1 1.79 20.73 22.52 NOTE
r-devel-linux-x86_64-debian-gcc 1.5.1 1.77 16.61 18.38 NOTE
r-devel-linux-x86_64-fedora-clang 1.5.1 33.93 OK
r-devel-linux-x86_64-fedora-gcc 1.5.1 31.19 OK
r-devel-windows-x86_64 1.5.1 3.00 40.00 43.00 OK
r-patched-linux-x86_64 1.5.1 2.63 19.57 22.20 OK
r-release-linux-x86_64 1.5.1 2.40 19.65 22.05 OK
r-release-macos-arm64 1.5.1 1.00 14.00 15.00 OK
r-release-macos-x86_64 1.5.1 2.00 21.00 23.00 OK
r-release-windows-x86_64 1.5.1 3.00 42.00 45.00 OK
r-oldrel-macos-arm64 1.5.1 1.00 13.00 14.00 NOTE
r-oldrel-macos-x86_64 1.5.1 3.00 20.00 23.00 NOTE
r-oldrel-windows-x86_64 1.5.1 3.00 40.00 43.00 NOTE

Check Details

Version: 1.5.1
Check: HTML version of manual
Result: NOTE Found the following HTML validation problems: FieldPlot.html:54:1 (FieldPlot.Rd:14): Warning: missing </ul> before </div> fbuttons.html:87:1 (fbuttons.Rd:31): Warning: missing </ul> before </div> painter.html:50:1 (painter.Rd:12): Warning: missing </ul> before </div> Flavors: r-devel-linux-x86_64-debian-clang, r-devel-linux-x86_64-debian-gcc

Version: 1.5.1
Check: LazyData
Result: NOTE 'LazyData' is specified without a 'data' directory Flavors: r-oldrel-macos-arm64, r-oldrel-macos-x86_64, r-oldrel-windows-x86_64