CRAN Package Check Results for Package Fragman

Last updated on 2025-10-21 17:49:48 CEST.

Flavor Version Tinstall Tcheck Ttotal Status Flags
r-devel-linux-x86_64-debian-clang 1.0.9 5.25 55.85 61.10 NOTE
r-devel-linux-x86_64-debian-gcc 1.0.9 3.29 42.11 45.40 NOTE
r-devel-linux-x86_64-fedora-clang 1.0.9 12.00 71.48 83.48 OK
r-devel-linux-x86_64-fedora-gcc 1.0.9 12.00 69.53 81.53 OK
r-devel-windows-x86_64 1.0.9 6.00 69.00 75.00 OK
r-patched-linux-x86_64 1.0.9 5.74 53.13 58.87 OK
r-release-linux-x86_64 1.0.9 4.59 52.82 57.41 OK
r-release-macos-arm64 1.0.9 2.00 27.00 29.00 OK
r-release-macos-x86_64 1.0.9 4.00 52.00 56.00 OK
r-release-windows-x86_64 1.0.9 6.00 70.00 76.00 OK
r-oldrel-macos-arm64 1.0.9 2.00 25.00 27.00 OK
r-oldrel-macos-x86_64 1.0.9 3.00 46.00 49.00 OK
r-oldrel-windows-x86_64 1.0.9 5.00 70.00 75.00 OK

Check Details

Version: 1.0.9
Check: CRAN incoming feasibility
Result: NOTE Maintainer: ‘Giovanny Covarrubias-Pazaran <covarrubiasp@wisc.edu>’ No Authors@R field in DESCRIPTION. Please add one, modifying Authors@R: c(person(given = "Giovanny", family = "Covarrubias-Pazaran", role = c("aut", "cre"), email = "covarrubiasp@wisc.edu"), person(given = "Luis", family = "Diaz-Garcia", role = "aut"), person(given = "Brandon", family = "Schlautman", role = "aut"), person(given = "Walter", family = "Salazar", role = "aut"), person(given = "Juan", family = "Zalapa.", role = "aut")) as necessary. Package CITATION file contains call(s) to old-style citEntry(). Please use bibentry() instead. Flavors: r-devel-linux-x86_64-debian-clang, r-devel-linux-x86_64-debian-gcc