Last updated on 2025-10-21 23:50:55 CEST.
Flavor | Version | Tinstall | Tcheck | Ttotal | Status | Flags |
---|---|---|---|---|---|---|
r-devel-linux-x86_64-debian-clang | 1.2.2 | 8.19 | 75.01 | 83.20 | NOTE | |
r-devel-linux-x86_64-debian-gcc | 1.2.2 | 5.56 | 57.64 | 63.20 | NOTE | |
r-devel-linux-x86_64-fedora-clang | 1.2.2 | 17.00 | 100.90 | 117.90 | OK | |
r-devel-linux-x86_64-fedora-gcc | 1.2.2 | 15.00 | 98.62 | 113.62 | OK | |
r-devel-windows-x86_64 | 1.2.2 | 9.00 | 79.00 | 88.00 | OK | |
r-patched-linux-x86_64 | 1.2.2 | 6.86 | 68.84 | 75.70 | OK | |
r-release-linux-x86_64 | 1.2.2 | 7.15 | 69.52 | 76.67 | OK | |
r-release-macos-arm64 | 1.2.2 | 5.00 | 51.00 | 56.00 | OK | |
r-release-macos-x86_64 | 1.2.2 | 6.00 | 75.00 | 81.00 | OK | |
r-release-windows-x86_64 | 1.2.2 | 10.00 | 80.00 | 90.00 | OK | |
r-oldrel-macos-arm64 | 1.2.2 | 3.00 | 33.00 | 36.00 | OK | |
r-oldrel-macos-x86_64 | 1.2.2 | 6.00 | 50.00 | 56.00 | OK | |
r-oldrel-windows-x86_64 | 1.2.2 | 12.00 | 99.00 | 111.00 | OK |
Version: 1.2.2
Check: CRAN incoming feasibility
Result: NOTE
Maintainer: ‘Sanjeev Sariya <sanjeevsariya@gmail.com>’
Package CITATION file contains call(s) to old-style citEntry(). Please
use bibentry() instead.
Flavors: r-devel-linux-x86_64-debian-clang, r-devel-linux-x86_64-debian-gcc