Last updated on 2025-10-22 23:49:56 CEST.
Flavor | Version | Tinstall | Tcheck | Ttotal | Status | Flags |
---|---|---|---|---|---|---|
r-devel-linux-x86_64-debian-clang | 0.9.5 | 3.35 | 29.37 | 32.72 | NOTE | |
r-devel-linux-x86_64-debian-gcc | 0.9.5 | 2.52 | 23.07 | 25.59 | NOTE | |
r-devel-linux-x86_64-fedora-clang | 0.9.5 | 48.44 | OK | |||
r-devel-linux-x86_64-fedora-gcc | 0.9.5 | 46.65 | OK | |||
r-devel-windows-x86_64 | 0.9.5 | 6.00 | 47.00 | 53.00 | OK | |
r-patched-linux-x86_64 | 0.9.5 | 3.73 | 27.77 | 31.50 | OK | |
r-release-linux-x86_64 | 0.9.5 | 3.75 | 27.75 | 31.50 | OK | |
r-release-macos-arm64 | 0.9.5 | 2.00 | 20.00 | 22.00 | OK | |
r-release-macos-x86_64 | 0.9.5 | 5.00 | 32.00 | 37.00 | OK | |
r-release-windows-x86_64 | 0.9.5 | 6.00 | 49.00 | 55.00 | OK | |
r-oldrel-macos-arm64 | 0.9.5 | 1.00 | 17.00 | 18.00 | OK | |
r-oldrel-macos-x86_64 | 0.9.5 | 3.00 | 31.00 | 34.00 | OK | |
r-oldrel-windows-x86_64 | 0.9.5 | 6.00 | 57.00 | 63.00 | OK |
Version: 0.9.5
Check: CRAN incoming feasibility
Result: NOTE
Maintainer: ‘F.J. Martinez-de-Pison <fjmartin@unirioja.es>’
No Authors@R field in DESCRIPTION.
Please add one, modifying
Authors@R: person(given = "F.J.",
family = "Martinez-de-Pison",
role = c("aut", "cre"),
email = "fjmartin@unirioja.es")
as necessary.
Flavors: r-devel-linux-x86_64-debian-clang, r-devel-linux-x86_64-debian-gcc