Last updated on 2025-10-22 05:51:11 CEST.
Flavor | Version | Tinstall | Tcheck | Ttotal | Status | Flags |
---|---|---|---|---|---|---|
r-devel-linux-x86_64-debian-clang | 0.1.3 | 53.71 | 63.20 | 116.91 | NOTE | |
r-devel-linux-x86_64-debian-gcc | 0.1.3 | 37.28 | 42.56 | 79.84 | NOTE | |
r-devel-linux-x86_64-fedora-clang | 0.1.3 | 76.00 | 121.16 | 197.16 | OK | |
r-devel-linux-x86_64-fedora-gcc | 0.1.3 | 55.00 | 145.69 | 200.69 | OK | |
r-devel-windows-x86_64 | 0.1.3 | 59.00 | 92.00 | 151.00 | OK | |
r-patched-linux-x86_64 | 0.1.3 | 56.08 | 57.54 | 113.62 | OK | |
r-release-linux-x86_64 | 0.1.3 | 53.66 | 57.83 | 111.49 | OK | |
r-release-macos-arm64 | 0.1.3 | 23.00 | 34.00 | 57.00 | OK | |
r-release-macos-x86_64 | 0.1.3 | 22.00 | 66.00 | 88.00 | OK | |
r-release-windows-x86_64 | 0.1.3 | 64.00 | 92.00 | 156.00 | OK | |
r-oldrel-macos-arm64 | 0.1.3 | 19.00 | 40.00 | 59.00 | OK | |
r-oldrel-macos-x86_64 | 0.1.3 | 23.00 | 72.00 | 95.00 | OK | |
r-oldrel-windows-x86_64 | 0.1.3 | 75.00 | 111.00 | 186.00 | OK |
Version: 0.1.3
Check: HTML version of manual
Result: NOTE
Found the following HTML validation problems:
init_cluster.html:47:1 (init_cluster.Rd:10): Warning: missing </ul> before </div>
Flavors: r-devel-linux-x86_64-debian-clang, r-devel-linux-x86_64-debian-gcc