Last updated on 2025-10-21 17:49:49 CEST.
Flavor | Version | Tinstall | Tcheck | Ttotal | Status | Flags |
---|---|---|---|---|---|---|
r-devel-linux-x86_64-debian-clang | 1.1.6-2 | 2.26 | 30.76 | 33.02 | NOTE | |
r-devel-linux-x86_64-debian-gcc | 1.1.6-2 | 1.73 | 21.90 | 23.63 | NOTE | |
r-devel-linux-x86_64-fedora-clang | 1.1.6-2 | 46.49 | OK | |||
r-devel-linux-x86_64-fedora-gcc | 1.1.6-2 | 42.30 | OK | |||
r-devel-windows-x86_64 | 1.1.6-2 | 3.00 | 52.00 | 55.00 | OK | |
r-patched-linux-x86_64 | 1.1.6-2 | 2.67 | 29.35 | 32.02 | OK | |
r-release-linux-x86_64 | 1.1.6-2 | 2.32 | 29.18 | 31.50 | OK | |
r-release-macos-arm64 | 1.1.6-2 | 1.00 | 17.00 | 18.00 | OK | |
r-release-macos-x86_64 | 1.1.6-2 | 2.00 | 25.00 | 27.00 | OK | |
r-release-windows-x86_64 | 1.1.6-2 | 4.00 | 55.00 | 59.00 | OK | |
r-oldrel-macos-arm64 | 1.1.6-2 | 1.00 | 15.00 | 16.00 | OK | |
r-oldrel-macos-x86_64 | 1.1.6-2 | 2.00 | 22.00 | 24.00 | OK | |
r-oldrel-windows-x86_64 | 1.1.6-2 | 3.00 | 55.00 | 58.00 | OK |
Version: 1.1.6-2
Check: CRAN incoming feasibility
Result: NOTE
Maintainer: ‘Alex J. Cannon <alex.cannon@canada.ca>’
Package CITATION file contains call(s) to old-style citEntry(). Please
use bibentry() instead.
Flavors: r-devel-linux-x86_64-debian-clang, r-devel-linux-x86_64-debian-gcc
Version: 1.1.6-2
Check: HTML version of manual
Result: NOTE
Found the following HTML validation problems:
gev.html:102:1 (gev.Rd:48): Warning: missing </ul> before </div>
Flavors: r-devel-linux-x86_64-debian-clang, r-devel-linux-x86_64-debian-gcc