Last updated on 2025-10-22 11:51:09 CEST.
Flavor | Version | Tinstall | Tcheck | Ttotal | Status | Flags |
---|---|---|---|---|---|---|
r-devel-linux-x86_64-debian-clang | 1.15.8 | 26.52 | 227.53 | 254.05 | NOTE | |
r-devel-linux-x86_64-debian-gcc | 1.15.8 | 16.41 | 143.02 | 159.43 | NOTE | |
r-devel-linux-x86_64-fedora-clang | 1.15.8 | 60.00 | 338.85 | 398.85 | OK | |
r-devel-linux-x86_64-fedora-gcc | 1.15.8 | 55.00 | 334.01 | 389.01 | OK | |
r-devel-windows-x86_64 | 1.15.8 | 24.00 | 175.00 | 199.00 | OK | |
r-patched-linux-x86_64 | 1.15.8 | 27.88 | 220.34 | 248.22 | OK | |
r-release-linux-x86_64 | 1.15.8 | 25.35 | 217.24 | 242.59 | OK | |
r-release-macos-arm64 | 1.15.8 | 11.00 | 81.00 | 92.00 | OK | |
r-release-macos-x86_64 | 1.15.8 | 22.00 | 166.00 | 188.00 | OK | |
r-release-windows-x86_64 | 1.15.8 | 25.00 | 177.00 | 202.00 | OK | |
r-oldrel-macos-arm64 | 1.15.8 | 10.00 | 71.00 | 81.00 | OK | |
r-oldrel-macos-x86_64 | 1.15.8 | 16.00 | 119.00 | 135.00 | OK | |
r-oldrel-windows-x86_64 | 1.15.8 | 36.00 | 248.00 | 284.00 | OK |
Version: 1.15.8
Check: CRAN incoming feasibility
Result: NOTE
Maintainer: ‘Subhadip Datta <subhadipdatta007@gmail.com>’
No Authors@R field in DESCRIPTION.
Please add one, modifying
Authors@R: person(given = "Subhadip",
family = "Datta",
role = c("aut", "cre"),
email = "subhadipdatta007@gmail.com")
as necessary.
Flavors: r-devel-linux-x86_64-debian-clang, r-devel-linux-x86_64-debian-gcc