Last updated on 2025-10-24 11:50:48 CEST.
| Flavor | Version | Tinstall | Tcheck | Ttotal | Status | Flags |
|---|---|---|---|---|---|---|
| r-devel-linux-x86_64-debian-clang | 1.4 | 24.52 | 169.73 | 194.25 | NOTE | |
| r-devel-linux-x86_64-debian-gcc | 1.4 | 14.96 | 117.39 | 132.35 | NOTE | |
| r-devel-linux-x86_64-fedora-clang | 1.4 | 38.00 | 261.89 | 299.89 | NOTE | |
| r-devel-linux-x86_64-fedora-gcc | 1.4 | 53.00 | 257.04 | 310.04 | NOTE | |
| r-devel-windows-x86_64 | 1.4 | 30.00 | 258.00 | 288.00 | NOTE | |
| r-patched-linux-x86_64 | 1.4 | 25.15 | 162.26 | 187.41 | NOTE | |
| r-release-linux-x86_64 | 1.4 | 24.46 | 159.62 | 184.08 | NOTE | |
| r-release-macos-arm64 | 1.4 | 10.00 | 114.00 | 124.00 | NOTE | |
| r-release-macos-x86_64 | 1.4 | 17.00 | 193.00 | 210.00 | NOTE | |
| r-release-windows-x86_64 | 1.4 | 31.00 | 263.00 | 294.00 | NOTE | |
| r-oldrel-macos-arm64 | 1.4 | 10.00 | 85.00 | 95.00 | NOTE | |
| r-oldrel-macos-x86_64 | 1.4 | 18.00 | 248.00 | 266.00 | NOTE | |
| r-oldrel-windows-x86_64 | 1.4 | 35.00 | 313.00 | 348.00 | NOTE |
Version: 1.4
Check: Rd files
Result: NOTE
checkRd: (-1) rtheta.Rd:50-76: Lost braces in \itemize; meant \describe ?
Flavors: r-devel-linux-x86_64-debian-clang, r-devel-linux-x86_64-debian-gcc, r-devel-linux-x86_64-fedora-clang, r-devel-linux-x86_64-fedora-gcc, r-devel-windows-x86_64, r-patched-linux-x86_64, r-release-linux-x86_64, r-release-macos-arm64, r-release-macos-x86_64, r-release-windows-x86_64, r-oldrel-macos-arm64, r-oldrel-macos-x86_64, r-oldrel-windows-x86_64