Last updated on 2025-10-21 17:49:49 CEST.
Flavor | Version | Tinstall | Tcheck | Ttotal | Status | Flags |
---|---|---|---|---|---|---|
r-devel-linux-x86_64-debian-clang | 0.2.3 | 2.75 | 34.46 | 37.21 | NOTE | |
r-devel-linux-x86_64-debian-gcc | 0.2.3 | 2.49 | 26.52 | 29.01 | NOTE | |
r-devel-linux-x86_64-fedora-clang | 0.2.3 | 57.31 | OK | |||
r-devel-linux-x86_64-fedora-gcc | 0.2.3 | 66.07 | OK | |||
r-devel-windows-x86_64 | 0.2.3 | 4.00 | 55.00 | 59.00 | OK | |
r-patched-linux-x86_64 | 0.2.3 | 3.68 | 32.94 | 36.62 | OK | |
r-release-linux-x86_64 | 0.2.3 | 3.69 | 32.67 | 36.36 | OK | |
r-release-macos-arm64 | 0.2.3 | 1.00 | 24.00 | 25.00 | OK | |
r-release-macos-x86_64 | 0.2.3 | 3.00 | 44.00 | 47.00 | OK | |
r-release-windows-x86_64 | 0.2.3 | 4.00 | 57.00 | 61.00 | OK | |
r-oldrel-macos-arm64 | 0.2.3 | 1.00 | 23.00 | 24.00 | OK | |
r-oldrel-macos-x86_64 | 0.2.3 | 2.00 | 45.00 | 47.00 | OK | |
r-oldrel-windows-x86_64 | 0.2.3 | 7.00 | 63.00 | 70.00 | OK |
Version: 0.2.3
Check: CRAN incoming feasibility
Result: NOTE
Maintainer: ‘Manuel Villacorta Tilve <mvt.oviedo@gmail.com>’
No Authors@R field in DESCRIPTION.
Please add one, modifying
Authors@R: person(given = c("Manuel", "Villacorta"),
family = "Tilve",
role = c("aut", "cre"),
email = "mvt.oviedo@gmail.com")
as necessary.
Flavors: r-devel-linux-x86_64-debian-clang, r-devel-linux-x86_64-debian-gcc
Version: 0.2.3
Check: HTML version of manual
Result: NOTE
Found the following HTML validation problems:
fun.svd_1.html:50:1 (fun.svd_1.Rd:12): Warning: missing </ul> before </div>
fun.svd_2.html:50:1 (fun.svd_2.Rd:12): Warning: missing </ul> before </div>
fun.svd_3.html:50:1 (fun.svd_3.Rd:12): Warning: missing </ul> before </div>
predict.neurona.html:51:1 (predict.neurona.Rd:12): Warning: missing </ul> before </div>
predict.svd.html:51:1 (predict.svd.Rd:12): Warning: missing </ul> before </div>
Flavors: r-devel-linux-x86_64-debian-clang, r-devel-linux-x86_64-debian-gcc