Last updated on 2025-10-21 17:49:49 CEST.
Flavor | Version | Tinstall | Tcheck | Ttotal | Status | Flags |
---|---|---|---|---|---|---|
r-devel-linux-x86_64-debian-clang | 0.99-6 | 8.66 | 84.77 | 93.43 | NOTE | |
r-devel-linux-x86_64-debian-gcc | 0.99-6 | 6.71 | 58.66 | 65.37 | NOTE | |
r-devel-linux-x86_64-fedora-clang | 0.99-6 | 20.00 | 116.33 | 136.33 | OK | |
r-devel-linux-x86_64-fedora-gcc | 0.99-6 | 22.00 | 120.05 | 142.05 | OK | |
r-devel-windows-x86_64 | 0.99-6 | 11.00 | 105.00 | 116.00 | OK | |
r-patched-linux-x86_64 | 0.99-6 | 10.41 | 79.14 | 89.55 | OK | |
r-release-linux-x86_64 | 0.99-6 | 8.88 | 78.93 | 87.81 | OK | |
r-release-macos-arm64 | 0.99-6 | 4.00 | 41.00 | 45.00 | OK | |
r-release-macos-x86_64 | 0.99-6 | 10.00 | 80.00 | 90.00 | OK | |
r-release-windows-x86_64 | 0.99-6 | 14.00 | 108.00 | 122.00 | OK | |
r-oldrel-macos-arm64 | 0.99-6 | 5.00 | 47.00 | 52.00 | OK | |
r-oldrel-macos-x86_64 | 0.99-6 | 9.00 | 98.00 | 107.00 | OK | |
r-oldrel-windows-x86_64 | 0.99-6 | 16.00 | 122.00 | 138.00 | OK |
Version: 0.99-6
Check: top-level files
Result: NOTE
Found the following validation problem for the NEWS.Rd HTML conversion:
NEWS.html:291:1 (inst/NEWS.Rd:135): Warning: missing </ul> before </div>
NEWS.html:43:1 (inst/NEWS.Rd:15): Warning: <h4> anchor "NEW" already defined
NEWS.html:81:1 (inst/NEWS.Rd:33): Warning: <h4> anchor "BUG-FIXES" already defined
NEWS.html:128:1 (inst/NEWS.Rd:58): Warning: <h3> anchor "CHANGES-IN-+E2+80+98GNE+E2+80+99-VERSION-0.99-2" already defined
NEWS.html:132:1 (inst/NEWS.Rd:59): Warning: <h4> anchor "NOTE-FIXES" already defined
NEWS.html:150:1 (inst/NEWS.Rd:68): Warning: <h4> anchor "BUG-FIXES" already defined
NEWS.html:168:1 (inst/NEWS.Rd:77): Warning: <h4> anchor "BUG-FIXES" already defined
NEWS.html:189:1 (inst/NEWS.Rd:87): Warning: <h4> anchor "NEW" already defined
NEWS.html:249:1 (inst/NEWS.Rd:116): Warning: <h4> anchor "NEW-FEATURES" already defined
NEWS.html:261:1 (inst/NEWS.Rd:122): Warning: <h4> anchor "DEFUNC" already defined
NEWS.html:277:1 (inst/NEWS.Rd:131): Warning: <h4> anchor "NEW" already defined
Flavors: r-devel-linux-x86_64-debian-clang, r-devel-linux-x86_64-debian-gcc