CRAN Package Check Results for Package GROAN

Last updated on 2025-10-21 23:50:56 CEST.

Flavor Version Tinstall Tcheck Ttotal Status Flags
r-devel-linux-x86_64-debian-clang 1.3.1 3.40 38.27 41.67 NOTE
r-devel-linux-x86_64-debian-gcc 1.3.1 2.42 29.84 32.26 NOTE
r-devel-linux-x86_64-fedora-clang 1.3.1 60.35 OK
r-devel-linux-x86_64-fedora-gcc 1.3.1 70.27 OK
r-devel-windows-x86_64 1.3.1 5.00 59.00 64.00 OK
r-patched-linux-x86_64 1.3.1 3.34 35.26 38.60 OK
r-release-linux-x86_64 1.3.1 2.67 35.09 37.76 OK
r-release-macos-arm64 1.3.1 1.00 25.00 26.00 OK
r-release-macos-x86_64 1.3.1 3.00 45.00 48.00 OK
r-release-windows-x86_64 1.3.1 7.00 61.00 68.00 OK
r-oldrel-macos-arm64 1.3.1 2.00 21.00 23.00 OK
r-oldrel-macos-x86_64 1.3.1 2.00 45.00 47.00 OK
r-oldrel-windows-x86_64 1.3.1 7.00 67.00 74.00 OK

Check Details

Version: 1.3.1
Check: CRAN incoming feasibility
Result: NOTE Maintainer: ‘Nelson Nazzicari <nelson.nazzicari@gmail.com>’ No Authors@R field in DESCRIPTION. Please add one, modifying Authors@R: c(person(given = c("Nelson", "Nazzicari", "&", "Filippo"), family = "Biscarini", role = "aut"), person(given = "Nelson", family = "Nazzicari", role = "cre", email = "nelson.nazzicari@gmail.com")) as necessary. Flavors: r-devel-linux-x86_64-debian-clang, r-devel-linux-x86_64-debian-gcc