CRAN Package Check Results for Package GSMX

Last updated on 2025-10-24 18:49:57 CEST.

Flavor Version Tinstall Tcheck Ttotal Status Flags
r-devel-linux-x86_64-debian-clang 1.3 1.38 22.97 24.35 NOTE
r-devel-linux-x86_64-debian-gcc 1.3 1.38 18.70 20.08 NOTE
r-devel-linux-x86_64-fedora-clang 1.3 35.56 OK
r-devel-linux-x86_64-fedora-gcc 1.3 11.00 25.97 36.97 NOTE
r-devel-windows-x86_64 1.3 2.00 40.00 42.00 OK
r-patched-linux-x86_64 1.3 1.45 21.84 23.29 OK
r-release-linux-x86_64 1.3 1.60 21.96 23.56 OK
r-release-macos-arm64 1.3 1.00 15.00 16.00 OK
r-release-macos-x86_64 1.3 2.00 23.00 25.00 OK
r-release-windows-x86_64 1.3 3.00 43.00 46.00 OK
r-oldrel-macos-arm64 1.3 1.00 14.00 15.00 OK
r-oldrel-macos-x86_64 1.3 1.00 21.00 22.00 OK
r-oldrel-windows-x86_64 1.3 3.00 49.00 52.00 OK

Check Details

Version: 1.3
Check: CRAN incoming feasibility
Result: NOTE Maintainer: ‘Zhenyu Jia <ajia.ucr@gmail.com>’ No Authors@R field in DESCRIPTION. Please add one, modifying Authors@R: person(given = "Zhenyu", family = "Jia", role = c("aut", "cre"), email = "ajia.ucr@gmail.com") as necessary. Flavors: r-devel-linux-x86_64-debian-clang, r-devel-linux-x86_64-debian-gcc

Version: 1.3
Check: Rd files
Result: NOTE checkRd: (-1) GSMX-package.Rd:12-18: Only 2 columns allowed in this table (row 5 has 1) Flavors: r-devel-linux-x86_64-debian-clang, r-devel-linux-x86_64-debian-gcc, r-devel-linux-x86_64-fedora-gcc