Last updated on 2025-10-21 11:53:24 CEST.
Flavor | Version | Tinstall | Tcheck | Ttotal | Status | Flags |
---|---|---|---|---|---|---|
r-devel-linux-x86_64-debian-clang | 0.2.16 | 192.53 | 360.47 | 553.00 | NOTE | |
r-devel-linux-x86_64-debian-gcc | 0.2.16 | 116.38 | 220.88 | 337.26 | NOTE | |
r-devel-linux-x86_64-fedora-clang | 0.2.16 | 954.64 | OK | |||
r-devel-linux-x86_64-fedora-gcc | 0.2.16 | 344.00 | 499.57 | 843.57 | OK | |
r-devel-windows-x86_64 | 0.2.16 | 221.00 | 341.00 | 562.00 | OK | |
r-patched-linux-x86_64 | 0.2.16 | 183.83 | 334.46 | 518.29 | OK | |
r-release-linux-x86_64 | 0.2.16 | 188.79 | 339.07 | 527.86 | OK | |
r-release-macos-arm64 | 0.2.16 | 168.00 | OK | |||
r-release-macos-x86_64 | 0.2.16 | 105.00 | 253.00 | 358.00 | OK | |
r-release-windows-x86_64 | 0.2.16 | 224.00 | 342.00 | 566.00 | OK | |
r-oldrel-macos-arm64 | 0.2.16 | 164.00 | NOTE | |||
r-oldrel-macos-x86_64 | 0.2.16 | 355.00 | NOTE | |||
r-oldrel-windows-x86_64 | 0.2.16 | 265.00 | 451.00 | 716.00 | OK |
Version: 0.2.16
Check: HTML version of manual
Result: NOTE
Found the following HTML validation problems:
Cubic.html:209:1 (Cubic.Rd:130): Warning: <h5> anchor "Usage" already defined
Cubic.html:215:1 (Cubic.Rd:134): Warning: <h5> anchor "Arguments" already defined
Cubic.html:246:1 (Cubic.Rd:155): Warning: <h5> anchor "Usage" already defined
Cubic.html:252:1 (Cubic.Rd:159): Warning: <h5> anchor "Arguments" already defined
Cubic.html:283:1 (Cubic.Rd:180): Warning: <h5> anchor "Usage" already defined
Cubic.html:289:1 (Cubic.Rd:184): Warning: <h5> anchor "Arguments" already defined
Cubic.html:320:1 (Cubic.Rd:205): Warning: <h5> anchor "Usage" already defined
Cubic.html:336:1 (Cubic.Rd:215): Warning: <h5> anchor "Usage" already defined
Cubic.html:342:1 (Cubic.Rd:219): Warning: <h5> anchor "Arguments" already defined
Exponential.html:209:1 (Exponential.Rd:122): Warning: <h5> anchor "Usage" already defined
Exponential.html:215:1 (Exponential.Rd:126): Warning: <h5> anchor "Arguments" already defined
Exponential.html:246:1 (Exponential.Rd:147): Warning: <h5> anchor "Usage" already defined
Exponential.html:252:1 (Exponential.Rd:151): Warning: <h5> anchor "Arguments" already defined
Exponential.html:283:1 (Exponential.Rd:172): Warning: <h5> anchor "Usage" already defined
Exponential.html:289:1 (Exponential.Rd:176): Warning: <h5> anchor "Arguments" already defined
Exponential.html:320:1 (Exponential.Rd:197): Warning: <h5> anchor "Usage" already defined
Exponential.html:336:1 (Exponential.Rd:207): Warning: <h5> anchor "Usage" already defined
Exponential.html:342:1 (Exponential.Rd:211): Warning: <h5> anchor "Arguments" already defined
FactorKernel.html:309:1 (FactorKernel.Rd:233): Warning: <h5> anchor "Usage" already defined
FactorKernel.html:315:1 (FactorKernel.Rd:237): Warning: <h5> anchor "Arguments" already defined
FactorKernel.html:347:1 (FactorKernel.Rd:259): Warning: <h5> anchor "Usage" already defined
FactorKernel.html:353:1 (FactorKernel.Rd:263): Warning: <h5> anchor "Arguments" already defined
FactorKernel.html:388:1 (FactorKernel.Rd:288): Warning: <h5> anchor "Usage" already defined
FactorKernel.html:394:1 (FactorKernel.Rd:292): Warning: <h5> anchor "Arguments" already defined
FactorKernel.html:426:1 (FactorKernel.Rd:314): Warning: <h5> anchor "Usage" already defined
FactorKernel.html:432:1 (FactorKernel.Rd:318): Warning: <h5> anchor "Arguments" already defined
FactorKernel.html:459:1 (FactorKernel.Rd:335): Warning: <h5> anchor "Usage" already defined
FactorKernel.html:465:1 (FactorKernel.Rd:339): Warning: <h5> anchor "Arguments" already defined
FactorKernel.html:492:1 (FactorKernel.Rd:356): Warning: <h5> anchor "Usage" already defined
FactorKernel.html:503:1 (FactorKernel.Rd:365): Warning: <h5> anchor "Arguments" already defined
FactorKernel.html:532:1 (FactorKernel.Rd:384): Warning: <h5> anchor "Usage" already defined
FactorKernel.html:543:1 (FactorKernel.Rd:393): Warning: <h5> anchor "Arguments" already defined
FactorKernel.html:572:1 (FactorKernel.Rd:412): Warning: <h5> anchor "Usage" already defined
FactorKernel.html:578:1 (FactorKernel.Rd:416): Warning: <h5> anchor "Arguments" already defined
FactorKernel.html:603:1 (FactorKernel.Rd:431): Warning: <h5> anchor "Usage" already defined
FactorKernel.html:609:1 (FactorKernel.Rd:435): Warning: <h5> anchor "Arguments" already defined
FactorKernel.html:634:1 (FactorKernel.Rd:450): Warning: <h5> anchor "Usage" already defined
FactorKernel.html:644:1 (FactorKernel.Rd:458): Warning: <h5> anchor "Arguments" already defined
FactorKernel.html:671:1 (FactorKernel.Rd:475): Warning: <h5> anchor "Usage" already defined
FactorKernel.html:677:1 (FactorKernel.Rd:479): Warning: <h5> anchor "Arguments" already defined
FactorKernel.html:702:1 (FactorKernel.Rd:494): Warning: <h5> anchor "Usage" already defined
FactorKernel.html:718:1 (FactorKernel.Rd:504): Warning: <h5> anchor "Usage" already defined
FactorKernel.html:724:1 (FactorKernel.Rd:508): Warning: <h5> anchor "Arguments" already defined
GauPro_Gauss.html:267:1 (GauPro_Gauss.Rd:171): Warning: <h5> anchor "Usage" already defined
GauPro_Gauss.html:273:1 (GauPro_Gauss.Rd:175): Warning: <h5> anchor "Arguments" already defined
GauPro_Gauss.html:300:1 (GauPro_Gauss.Rd:192): Warning: <h5> anchor "Usage" already defined
GauPro_Gauss.html:306:1 (GauPro_Gauss.Rd:196): Warning: <h5> anchor "Arguments" already defined
GauPro_Gauss.html:329:1 (GauPro_Gauss.Rd:209): Warning: <h5> anchor "Usage" already defined
GauPro_Gauss.html:335:1 (GauPro_Gauss.Rd:213): Warning: <h5> anchor "Arguments" already defined
GauPro_Gauss.html:358:1 (GauPro_Gauss.Rd:226): Warning: <h5> anchor "Usage" already defined
GauPro_Gauss.html:364:1 (GauPro_Gauss.Rd:230): Warning: <h5> anchor "Arguments" already defined
GauPro_Gauss.html:389:1 (GauPro_Gauss.Rd:245): Warning: <h5> anchor "Usage" already defined
GauPro_Gauss.html:400:1 (GauPro_Gauss.Rd:254): Warning: <h5> anchor "Arguments" already defined
GauPro_Gauss.html:429:1 (GauPro_Gauss.Rd:273): Warning: <h5> anchor "Usage" already defined
GauPro_Gauss.html:439:1 (GauPro_Gauss.Rd:281): Warning: <h5> anchor "Arguments" already defined
GauPro_Gauss.html:468:1 (GauPro_Gauss.Rd:300): Warning: <h5> anchor "Usage" already defined
GauPro_Gauss.html:474:1 (GauPro_Gauss.Rd:304): Warning: <h5> anchor "Arguments" already defined
GauPro_Gauss.html:501:1 (GauPro_Gauss.Rd:321): Warning: <h5> anchor "Usage" already defined
GauPro_Gauss.html:507:1 (GauPro_Gauss.Rd:325): Warning: <h5> anchor "Arguments" already defined
GauPro_Gauss.html:534:1 (GauPro_Gauss.Rd:342): Warning: <h5> anchor "Usage" already defined
GauPro_Gauss.html:545:1 (GauPro_Gauss.Rd:351): Warning: <h5> anchor "Arguments" already defined
GauPro_Gauss.html:574:1 (GauPro_Gauss.Rd:370): Warning: <h5> anchor "Usage" already defined
GauPro_Gauss.html:585:1 (GauPro_Gauss.Rd:379): Warning: <h5> anchor "Arguments" already defined
GauPro_Gauss.html:614:1 (GauPro_Gauss.Rd:398): Warning: <h5> anchor "Usage" already defined
GauPro_Gauss.html:625:1 (GauPro_Gauss.Rd:407): Warning: <h5> anchor "Arguments" already defined
GauPro_Gauss.html:654:1 (GauPro_Gauss.Rd:426): Warning: <h5> anchor "Usage" already defined
GauPro_Gauss.html:660:1 (GauPro_Gauss.Rd:430): Warning: <h5> anchor "Arguments" already defined
GauPro_Gauss.html:685:1 (GauPro_Gauss.Rd:445): Warning: <h5> anchor "Usage" already defined
GauPro_Gauss.html:701:1 (GauPro_Gauss.Rd:455): Warning: <h5> anchor "Usage" already defined
GauPro_Gauss.html:717:1 (GauPro_Gauss.Rd:465): Warning: <h5> anchor "Usage" already defined
GauPro_Gauss.html:733:1 (GauPro_Gauss.Rd:475): Warning: <h5> anchor "Usage" already defined
GauPro_Gauss.html:749:1 (GauPro_Gauss.Rd:485): Warning: <h5> anchor "Usage" already defined
GauPro_Gauss.html:755:1 (GauPro_Gauss.Rd:489): Warning: <h5> anchor "Arguments" already defined
GauPro_Gauss.html:778:1 (GauPro_Gauss.Rd:502): Warning: <h5> anchor "Usage" already defined
GauPro_Gauss.html:784:1 (GauPro_Gauss.Rd:506): Warning: <h5> anchor "Arguments" already defined
GauPro_Gauss.html:811:1 (GauPro_Gauss.Rd:523): Warning: <h5> anchor "Usage" already defined
GauPro_Gauss.html:817:1 (GauPro_Gauss.Rd:527): Warning: <h5> anchor "Arguments" already defined
GauPro_Gauss.html:840:1 (GauPro_Gauss.Rd:540): Warning: <h5> anchor "Usage" already defined
GauPro_Gauss.html:846:1 (GauPro_Gauss.Rd:544): Warning: <h5> anchor "Arguments" already defined
GauPro_Gauss.html:869:1 (GauPro_Gauss.Rd:557): Warning: <h5> anchor "Usage" already defined
GauPro_Gauss.html:875:1 (GauPro_Gauss.Rd:561): Warning: <h5> anchor "Arguments" already defined
GauPro_Gauss.html:900:1 (GauPro_Gauss.Rd:576): Warning: <h5> anchor "Usage" already defined
GauPro_Gauss.html:916:1 (GauPro_Gauss.Rd:586): Warning: <h5> anchor "Usage" already defined
GauPro_Gauss.html:922:1 (GauPro_Gauss.Rd:590): Warning: <h5> anchor "Arguments" already defined
GauPro_Gauss_LOO.html:197:1 (GauPro_Gauss_LOO.Rd:141): Warning: <h5> anchor "Usage" already defined
GauPro_Gauss_LOO.html:203:1 (GauPro_Gauss_LOO.Rd:145): Warning: <h5> anchor "Arguments" already defined
GauPro_Gauss_LOO.html:230:1 (GauPro_Gauss_LOO.Rd:162): Warning: <h5> anchor "Usage" already defined
GauPro_Gauss_LOO.html:246:1 (GauPro_Gauss_LOO.Rd:172): Warning: <h5> anchor "Usage" already defined
GauPro_Gauss_LOO.html:252:1 (GauPro_Gauss_LOO.Rd:176): Warning: <h5> anchor "Arguments" already defined
GauPro_base.html:103:1 (GauPro_base.Rd:78): Warning: <h3> anchor "Methods" already defined
GauPro_base.html:240:1 (GauPro_base.Rd:134): Warning: <h5> anchor "Usage" already defined
GauPro_base.html:258:1 (GauPro_base.Rd:150): Warning: <h5> anchor "Arguments" already defined
GauPro_base.html:302:1 (GauPro_base.Rd:184): Warning: <h5> anchor "Usage" already defined
GauPro_base.html:318:1 (GauPro_base.Rd:194): Warning: <h5> anchor "Usage" already defined
GauPro_base.html:324:1 (GauPro_base.Rd:198): Warning: <h5> anchor "Arguments" already defined
GauPro_base.html:349:1 (GauPro_base.Rd:213): Warning: <h5> anchor "Usage" already defined
GauPro_base.html:365:1 (GauPro_base.Rd:223): Warning: <h5> anchor "Usage" already defined
GauPro_base.html:371:1 (GauPro_base.Rd:227): Warning: <h5> anchor "Arguments" already defined
GauPro_base.html:400:1 (GauPro_base.Rd:246): Warning: <h5> anchor "Usage" already defined
GauPro_base.html:406:1 (GauPro_base.Rd:250): Warning: <h5> anchor "Arguments" already defined
GauPro_base.html:435:1 (GauPro_base.Rd:269): Warning: <h5> anchor "Usage" already defined
GauPro_base.html:441:1 (GauPro_base.Rd:273): Warning: <h5> anchor "Arguments" already defined
GauPro_base.html:468:1 (GauPro_base.Rd:290): Warning: <h5> anchor "Usage" already defined
GauPro_base.html:474:1 (GauPro_base.Rd:294): Warning: <h5> anchor "Arguments" already defined
GauPro_base.html:499:1 (GauPro_base.Rd:309): Warning: <h5> anchor "Usage" already defined
GauPro_base.html:505:1 (GauPro_base.Rd:313): Warning: <h5> anchor "Arguments" already defined
GauPro_base.html:530:1 (GauPro_base.Rd:328): Warning: <h5> anchor "Usage" already defined
GauPro_base.html:536:1 (GauPro_base.Rd:332): Warning: <h5> anchor "Arguments" already defined
GauPro_base.html:565:1 (GauPro_base.Rd:351): Warning: <h5> anchor "Usage" already defined
GauPro_base.html:571:1 (GauPro_base.Rd:355): Warning: <h5> anchor "Arguments" already defined
GauPro_base.html:594:1 (GauPro_base.Rd:368): Warning: <h5> anchor "Usage" already defined
GauPro_base.html:600:1 (GauPro_base.Rd:372): Warning: <h5> anchor "Arguments" already defined
GauPro_base.html:623:1 (GauPro_base.Rd:385): Warning: <h5> anchor "Usage" already defined
GauPro_base.html:639:1 (GauPro_base.Rd:399): Warning: <h5> anchor "Arguments" already defined
GauPro_base.html:678:1 (GauPro_base.Rd:428): Warning: <h5> anchor "Usage" already defined
GauPro_base.html:694:1 (GauPro_base.Rd:442): Warning: <h5> anchor "Arguments" already defined
GauPro_base.html:733:1 (GauPro_base.Rd:471): Warning: <h5> anchor "Usage" already defined
GauPro_base.html:749:1 (GauPro_base.Rd:481): Warning: <h5> anchor "Usage" already defined
GauPro_base.html:755:1 (GauPro_base.Rd:485): Warning: <h5> anchor "Arguments" already defined
GauPro_base.html:780:1 (GauPro_base.Rd:500): Warning: <h5> anchor "Usage" already defined
GauPro_base.html:792:1 (GauPro_base.Rd:510): Warning: <h5> anchor "Arguments" already defined
GauPro_base.html:823:1 (GauPro_base.Rd:531): Warning: <h5> anchor "Usage" already defined
GauPro_base.html:840:1 (GauPro_base.Rd:546): Warning: <h5> anchor "Arguments" already defined
GauPro_base.html:882:1 (GauPro_base.Rd:578): Warning: <h5> anchor "Usage" already defined
GauPro_base.html:897:1 (GauPro_base.Rd:591): Warning: <h5> anchor "Arguments" already defined
GauPro_base.html:934:1 (GauPro_base.Rd:618): Warning: <h5> anchor "Usage" already defined
GauPro_base.html:940:1 (GauPro_base.Rd:622): Warning: <h5> anchor "Arguments" already defined
GauPro_base.html:969:1 (GauPro_base.Rd:641): Warning: <h5> anchor "Usage" already defined
GauPro_base.html:975:1 (GauPro_base.Rd:645): Warning: <h5> anchor "Arguments" already defined
GauPro_base.html:998:1 (GauPro_base.Rd:658): Warning: <h5> anchor "Usage" already defined
GauPro_base.html:1004:1 (GauPro_base.Rd:662): Warning: <h5> anchor "Arguments" already defined
GauPro_base.html:1027:1 (GauPro_base.Rd:675): Warning: <h5> anchor "Usage" already defined
GauPro_base.html:1043:1 (GauPro_base.Rd:685): Warning: <h5> anchor "Usage" already defined
GauPro_base.html:1059:1 (GauPro_base.Rd:695): Warning: <h5> anchor "Usage" already defined
GauPro_base.html:1065:1 (GauPro_base.Rd:699): Warning: <h5> anchor "Arguments" already defined
GauPro_base.html:1088:1 (GauPro_base.Rd:712): Warning: <h5> anchor "Usage" already defined
GauPro_base.html:1094:1 (GauPro_base.Rd:716): Warning: <h5> anchor "Arguments" already defined
GauPro_base.html:1119:1 (GauPro_base.Rd:731): Warning: <h5> anchor "Usage" already defined
GauPro_base.html:1135:1 (GauPro_base.Rd:741): Warning: <h5> anchor "Usage" already defined
GauPro_base.html:1141:1 (GauPro_base.Rd:745): Warning: <h5> anchor "Arguments" already defined
GauPro_kernel.html:115:1 (GauPro_kernel.Rd:61): Warning: <h5> anchor "Usage" already defined
GauPro_kernel.html:131:1 (GauPro_kernel.Rd:71): Warning: <h5> anchor "Usage" already defined
GauPro_kernel.html:137:1 (GauPro_kernel.Rd:75): Warning: <h5> anchor "Arguments" already defined
GauPro_kernel_beta.html:218:1 (GauPro_kernel_beta.Rd:142): Warning: <h5> anchor "Usage" already defined
GauPro_kernel_beta.html:230:1 (GauPro_kernel_beta.Rd:152): Warning: <h5> anchor "Arguments" already defined
GauPro_kernel_beta.html:262:1 (GauPro_kernel_beta.Rd:174): Warning: <h5> anchor "Usage" already defined
GauPro_kernel_beta.html:268:1 (GauPro_kernel_beta.Rd:178): Warning: <h5> anchor "Arguments" already defined
GauPro_kernel_beta.html:299:1 (GauPro_kernel_beta.Rd:199): Warning: <h5> anchor "Usage" already defined
GauPro_kernel_beta.html:310:1 (GauPro_kernel_beta.Rd:208): Warning: <h5> anchor "Arguments" already defined
GauPro_kernel_beta.html:339:1 (GauPro_kernel_beta.Rd:227): Warning: <h5> anchor "Usage" already defined
GauPro_kernel_beta.html:350:1 (GauPro_kernel_beta.Rd:236): Warning: <h5> anchor "Arguments" already defined
GauPro_kernel_beta.html:379:1 (GauPro_kernel_beta.Rd:255): Warning: <h5> anchor "Usage" already defined
GauPro_kernel_beta.html:388:1 (GauPro_kernel_beta.Rd:262): Warning: <h5> anchor "Arguments" already defined
GauPro_kernel_beta.html:415:1 (GauPro_kernel_beta.Rd:279): Warning: <h5> anchor "Usage" already defined
GauPro_kernel_beta.html:424:1 (GauPro_kernel_beta.Rd:286): Warning: <h5> anchor "Arguments" already defined
GauPro_kernel_beta.html:451:1 (GauPro_kernel_beta.Rd:303): Warning: <h5> anchor "Usage" already defined
GauPro_kernel_beta.html:461:1 (GauPro_kernel_beta.Rd:311): Warning: <h5> anchor "Arguments" already defined
GauPro_kernel_beta.html:489:1 (GauPro_kernel_beta.Rd:329): Warning: <h5> anchor "Usage" already defined
GauPro_kernel_beta.html:495:1 (GauPro_kernel_beta.Rd:333): Warning: <h5> anchor "Arguments" already defined
GauPro_kernel_beta.html:522:1 (GauPro_kernel_beta.Rd:350): Warning: <h5> anchor "Usage" already defined
GauPro_kernel_beta.html:528:1 (GauPro_kernel_beta.Rd:354): Warning: <h5> anchor "Arguments" already defined
GauPro_kernel_beta.html:553:1 (GauPro_kernel_beta.Rd:369): Warning: <h5> anchor "Usage" already defined
GauPro_kernel_beta.html:559:1 (GauPro_kernel_beta.Rd:373): Warning: <h5> anchor "Arguments" already defined
GauPro_kernel_model.html:147:1 (GauPro_kernel_model.Rd:135): Warning: <h3> anchor "Methods" already defined
GauPro_kernel_model.html:453:1 (GauPro_kernel_model.Rd:292): Warning: <h5> anchor "Usage" already defined
GauPro_kernel_model.html:459:1 (GauPro_kernel_model.Rd:296): Warning: <h5> anchor "Arguments" already defined
GauPro_kernel_model.html:484:1 (GauPro_kernel_model.Rd:311): Warning: <h5> anchor "Usage" already defined
GauPro_kernel_model.html:500:1 (GauPro_kernel_model.Rd:321): Warning: <h5> anchor "Usage" already defined
GauPro_kernel_model.html:513:1 (GauPro_kernel_model.Rd:332): Warning: <h5> anchor "Arguments" already defined
GauPro_kernel_model.html:547:1 (GauPro_kernel_model.Rd:356): Warning: <h5> anchor "Usage" already defined
GauPro_kernel_model.html:560:1 (GauPro_kernel_model.Rd:367): Warning: <h5> anchor "Arguments" already defined
GauPro_kernel_model.html:594:1 (GauPro_kernel_model.Rd:391): Warning: <h5> anchor "Usage" already defined
GauPro_kernel_model.html:606:1 (GauPro_kernel_model.Rd:401): Warning: <h5> anchor "Arguments" already defined
GauPro_kernel_model.html:638:1 (GauPro_kernel_model.Rd:423): Warning: <h5> anchor "Usage" already defined
GauPro_kernel_model.html:644:1 (GauPro_kernel_model.Rd:427): Warning: <h5> anchor "Arguments" already defined
GauPro_kernel_model.html:669:1 (GauPro_kernel_model.Rd:442): Warning: <h5> anchor "Usage" already defined
GauPro_kernel_model.html:675:1 (GauPro_kernel_model.Rd:446): Warning: <h5> anchor "Arguments" already defined
GauPro_kernel_model.html:700:1 (GauPro_kernel_model.Rd:461): Warning: <h5> anchor "Usage" already defined
GauPro_kernel_model.html:706:1 (GauPro_kernel_model.Rd:465): Warning: <h5> anchor "Arguments" already defined
GauPro_kernel_model.html:735:1 (GauPro_kernel_model.Rd:484): Warning: <h5> anchor "Usage" already defined
GauPro_kernel_model.html:741:1 (GauPro_kernel_model.Rd:488): Warning: <h5> anchor "Arguments" already defined
GauPro_kernel_model.html:764:1 (GauPro_kernel_model.Rd:501): Warning: <h5> anchor "Usage" already defined
GauPro_kernel_model.html:770:1 (GauPro_kernel_model.Rd:505): Warning: <h5> anchor "Arguments" already defined
GauPro_kernel_model.html:795:1 (GauPro_kernel_model.Rd:520): Warning: <h5> anchor "Usage" already defined
GauPro_kernel_model.html:801:1 (GauPro_kernel_model.Rd:524): Warning: <h5> anchor "Arguments" already defined
GauPro_kernel_model.html:826:1 (GauPro_kernel_model.Rd:539): Warning: <h5> anchor "Usage" already defined
GauPro_kernel_model.html:832:1 (GauPro_kernel_model.Rd:543): Warning: <h5> anchor "Arguments" already defined
GauPro_kernel_model.html:857:1 (GauPro_kernel_model.Rd:558): Warning: <h5> anchor "Usage" already defined
GauPro_kernel_model.html:863:1 (GauPro_kernel_model.Rd:562): Warning: <h5> anchor "Arguments" already defined
GauPro_kernel_model.html:888:1 (GauPro_kernel_model.Rd:577): Warning: <h5> anchor "Usage" already defined
GauPro_kernel_model.html:894:1 (GauPro_kernel_model.Rd:581): Warning: <h5> anchor "Arguments" already defined
GauPro_kernel_model.html:917:1 (GauPro_kernel_model.Rd:594): Warning: <h5> anchor "Usage" already defined
GauPro_kernel_model.html:934:1 (GauPro_kernel_model.Rd:609): Warning: <h5> anchor "Arguments" already defined
GauPro_kernel_model.html:975:1 (GauPro_kernel_model.Rd:640): Warning: <h5> anchor "Usage" already defined
GauPro_kernel_model.html:993:1 (GauPro_kernel_model.Rd:656): Warning: <h5> anchor "Arguments" already defined
GauPro_kernel_model.html:1036:1 (GauPro_kernel_model.Rd:689): Warning: <h5> anchor "Usage" already defined
GauPro_kernel_model.html:1042:1 (GauPro_kernel_model.Rd:693): Warning: <h5> anchor "Arguments" already defined
GauPro_kernel_model.html:1073:1 (GauPro_kernel_model.Rd:714): Warning: <h5> anchor "Usage" already defined
GauPro_kernel_model.html:1079:1 (GauPro_kernel_model.Rd:718): Warning: <h5> anchor "Arguments" already defined
GauPro_kernel_model.html:1105:1 (GauPro_kernel_model.Rd:734): Warning: <h5> anchor "Usage" already defined
GauPro_kernel_model.html:1111:1 (GauPro_kernel_model.Rd:738): Warning: <h5> anchor "Arguments" already defined
GauPro_kernel_model.html:1136:1 (GauPro_kernel_model.Rd:753): Warning: <h5> anchor "Usage" already defined
GauPro_kernel_model.html:1142:1 (GauPro_kernel_model.Rd:757): Warning: <h5> anchor "Arguments" already defined
GauPro_kernel_model.html:1165:1 (GauPro_kernel_model.Rd:770): Warning: <h5> anchor "Usage" already defined
GauPro_kernel_model.html:1182:1 (GauPro_kernel_model.Rd:781): Warning: <h5> anchor "Usage" already defined
GauPro_kernel_model.html:1188:1 (GauPro_kernel_model.Rd:785): Warning: <h5> anchor "Arguments" already defined
GauPro_kernel_model.html:1211:1 (GauPro_kernel_model.Rd:798): Warning: <h5> anchor "Usage" already defined
GauPro_kernel_model.html:1217:1 (GauPro_kernel_model.Rd:802): Warning: <h5> anchor "Arguments" already defined
GauPro_kernel_model.html:1242:1 (GauPro_kernel_model.Rd:817): Warning: <h5> anchor "Usage" already defined
GauPro_kernel_model.html:1258:1 (GauPro_kernel_model.Rd:827): Warning: <h5> anchor "Usage" already defined
GauPro_kernel_model.html:1264:1 (GauPro_kernel_model.Rd:831): Warning: <h5> anchor "Arguments" already defined
GauPro_kernel_model.html:1289:1 (GauPro_kernel_model.Rd:846): Warning: <h5> anchor "Usage" already defined
GauPro_kernel_model.html:1295:1 (GauPro_kernel_model.Rd:850): Warning: <h5> anchor "Arguments" already defined
GauPro_kernel_model.html:1318:1 (GauPro_kernel_model.Rd:863): Warning: <h5> anchor "Usage" already defined
GauPro_kernel_model.html:1324:1 (GauPro_kernel_model.Rd:867): Warning: <h5> anchor "Arguments" already defined
GauPro_kernel_model.html:1347:1 (GauPro_kernel_model.Rd:880): Warning: <h5> anchor "Usage" already defined
GauPro_kernel_model.html:1353:1 (GauPro_kernel_model.Rd:884): Warning: <h5> anchor "Arguments" already defined
GauPro_kernel_model.html:1378:1 (GauPro_kernel_model.Rd:899): Warning: <h5> anchor "Usage" already defined
GauPro_kernel_model.html:1384:1 (GauPro_kernel_model.Rd:903): Warning: <h5> anchor "Arguments" already defined
GauPro_kernel_model.html:1409:1 (GauPro_kernel_model.Rd:918): Warning: <h5> anchor "Usage" already defined
GauPro_kernel_model.html:1415:1 (GauPro_kernel_model.Rd:922): Warning: <h5> anchor "Arguments" already defined
GauPro_kernel_model.html:1442:1 (GauPro_kernel_model.Rd:939): Warning: <h5> anchor "Usage" already defined
GauPro_kernel_model.html:1455:1 (GauPro_kernel_model.Rd:950): Warning: <h5> anchor "Arguments" already defined
GauPro_kernel_model.html:1489:1 (GauPro_kernel_model.Rd:974): Warning: <h5> anchor "Usage" already defined
GauPro_kernel_model.html:1507:1 (GauPro_kernel_model.Rd:990): Warning: <h5> anchor "Arguments" already defined
GauPro_kernel_model.html:1552:1 (GauPro_kernel_model.Rd:1025): Warning: <h5> anchor "Usage" already defined
GauPro_kernel_model.html:1567:1 (GauPro_kernel_model.Rd:1038): Warning: <h5> anchor "Arguments" already defined
GauPro_kernel_model.html:1604:1 (GauPro_kernel_model.Rd:1065): Warning: <h5> anchor "Usage" already defined
GauPro_kernel_model.html:1610:1 (GauPro_kernel_model.Rd:1069): Warning: <h5> anchor "Arguments" already defined
GauPro_kernel_model.html:1635:1 (GauPro_kernel_model.Rd:1084): Warning: <h5> anchor "Usage" already defined
GauPro_kernel_model.html:1641:1 (GauPro_kernel_model.Rd:1088): Warning: <h5> anchor "Arguments" already defined
GauPro_kernel_model.html:1667:1 (GauPro_kernel_model.Rd:1104): Warning: <h5> anchor "Usage" already defined
GauPro_kernel_model.html:1678:1 (GauPro_kernel_model.Rd:1113): Warning: <h5> anchor "Arguments" already defined
GauPro_kernel_model.html:1707:1 (GauPro_kernel_model.Rd:1132): Warning: <h5> anchor "Usage" already defined
GauPro_kernel_model.html:1713:1 (GauPro_kernel_model.Rd:1136): Warning: <h5> anchor "Arguments" already defined
GauPro_kernel_model.html:1736:1 (GauPro_kernel_model.Rd:1149): Warning: <h5> anchor "Usage" already defined
GauPro_kernel_model.html:1742:1 (GauPro_kernel_model.Rd:1153): Warning: <h5> anchor "Arguments" already defined
GauPro_kernel_model.html:1765:1 (GauPro_kernel_model.Rd:1166): Warning: <h5> anchor "Usage" already defined
GauPro_kernel_model.html:1776:1 (GauPro_kernel_model.Rd:1175): Warning: <h5> anchor "Arguments" already defined
GauPro_kernel_model.html:1805:1 (GauPro_kernel_model.Rd:1194): Warning: <h5> anchor "Usage" already defined
GauPro_kernel_model.html:1820:1 (GauPro_kernel_model.Rd:1207): Warning: <h5> anchor "Arguments" already defined
GauPro_kernel_model.html:1860:1 (GauPro_kernel_model.Rd:1237): Warning: <h5> anchor "Usage" already defined
GauPro_kernel_model.html:1875:1 (GauPro_kernel_model.Rd:1250): Warning: <h5> anchor "Arguments" already defined
GauPro_kernel_model.html:1915:1 (GauPro_kernel_model.Rd:1280): Warning: <h5> anchor "Usage" already defined
GauPro_kernel_model.html:1921:1 (GauPro_kernel_model.Rd:1284): Warning: <h5> anchor "Arguments" already defined
GauPro_kernel_model.html:1948:1 (GauPro_kernel_model.Rd:1301): Warning: <h5> anchor "Usage" already defined
GauPro_kernel_model.html:1954:1 (GauPro_kernel_model.Rd:1305): Warning: <h5> anchor "Arguments" already defined
GauPro_kernel_model.html:1977:1 (GauPro_kernel_model.Rd:1318): Warning: <h5> anchor "Usage" already defined
GauPro_kernel_model.html:1983:1 (GauPro_kernel_model.Rd:1322): Warning: <h5> anchor "Arguments" already defined
GauPro_kernel_model.html:2006:1 (GauPro_kernel_model.Rd:1335): Warning: <h5> anchor "Usage" already defined
GauPro_kernel_model.html:2012:1 (GauPro_kernel_model.Rd:1339): Warning: <h5> anchor "Arguments" already defined
GauPro_kernel_model.html:2037:1 (GauPro_kernel_model.Rd:1354): Warning: <h5> anchor "Usage" already defined
GauPro_kernel_model.html:2043:1 (GauPro_kernel_model.Rd:1358): Warning: <h5> anchor "Arguments" already defined
GauPro_kernel_model.html:2066:1 (GauPro_kernel_model.Rd:1371): Warning: <h5> anchor "Usage" already defined
GauPro_kernel_model.html:2072:1 (GauPro_kernel_model.Rd:1375): Warning: <h5> anchor "Arguments" already defined
GauPro_kernel_model.html:2095:1 (GauPro_kernel_model.Rd:1388): Warning: <h5> anchor "Usage" already defined
GauPro_kernel_model.html:2101:1 (GauPro_kernel_model.Rd:1392): Warning: <h5> anchor "Arguments" already defined
GauPro_kernel_model.html:2126:1 (GauPro_kernel_model.Rd:1407): Warning: <h5> anchor "Usage" already defined
GauPro_kernel_model.html:2132:1 (GauPro_kernel_model.Rd:1411): Warning: <h5> anchor "Arguments" already defined
GauPro_kernel_model.html:2157:1 (GauPro_kernel_model.Rd:1426): Warning: <h5> anchor "Usage" already defined
GauPro_kernel_model.html:2163:1 (GauPro_kernel_model.Rd:1430): Warning: <h5> anchor "Arguments" already defined
GauPro_kernel_model.html:2186:1 (GauPro_kernel_model.Rd:1443): Warning: <h5> anchor "Usage" already defined
GauPro_kernel_model.html:2192:1 (GauPro_kernel_model.Rd:1447): Warning: <h5> anchor "Arguments" already defined
GauPro_kernel_model.html:2221:1 (GauPro_kernel_model.Rd:1466): Warning: <h5> anchor "Usage" already defined
GauPro_kernel_model.html:2238:1 (GauPro_kernel_model.Rd:1481): Warning: <h5> anchor "Arguments" already defined
GauPro_kernel_model.html:2282:1 (GauPro_kernel_model.Rd:1515): Warning: <h5> anchor "Usage" already defined
GauPro_kernel_model.html:2288:1 (GauPro_kernel_model.Rd:1519): Warning: <h5> anchor "Arguments" already defined
GauPro_kernel_model.html:2322:1 (GauPro_kernel_model.Rd:1543): Warning: <h5> anchor "Usage" already defined
GauPro_kernel_model.html:2338:1 (GauPro_kernel_model.Rd:1557): Warning: <h5> anchor "Arguments" already defined
GauPro_kernel_model.html:2381:1 (GauPro_kernel_model.Rd:1590): Warning: <h5> anchor "Usage" already defined
GauPro_kernel_model.html:2398:1 (GauPro_kernel_model.Rd:1605): Warning: <h5> anchor "Arguments" already defined
GauPro_kernel_model.html:2445:1 (GauPro_kernel_model.Rd:1642): Warning: <h5> anchor "Usage" already defined
GauPro_kernel_model.html:2451:1 (GauPro_kernel_model.Rd:1646): Warning: <h5> anchor "Arguments" already defined
GauPro_kernel_model.html:2480:1 (GauPro_kernel_model.Rd:1665): Warning: <h5> anchor "Usage" already defined
GauPro_kernel_model.html:2492:1 (GauPro_kernel_model.Rd:1675): Warning: <h5> anchor "Arguments" already defined
GauPro_kernel_model.html:2526:1 (GauPro_kernel_model.Rd:1699): Warning: <h5> anchor "Usage" already defined
GauPro_kernel_model.html:2538:1 (GauPro_kernel_model.Rd:1709): Warning: <h5> anchor "Arguments" already defined
GauPro_kernel_model.html:2570:1 (GauPro_kernel_model.Rd:1731): Warning: <h5> anchor "Usage" already defined
GauPro_kernel_model.html:2576:1 (GauPro_kernel_model.Rd:1735): Warning: <h5> anchor "Arguments" already defined
GauPro_kernel_model.html:2601:1 (GauPro_kernel_model.Rd:1750): Warning: <h5> anchor "Usage" already defined
GauPro_kernel_model.html:2617:1 (GauPro_kernel_model.Rd:1760): Warning: <h5> anchor "Usage" already defined
GauPro_kernel_model.html:2623:1 (GauPro_kernel_model.Rd:1764): Warning: <h5> anchor "Arguments" already defined
GauPro_kernel_model.html:2646:1 (GauPro_kernel_model.Rd:1777): Warning: <h5> anchor "Usage" already defined
GauPro_kernel_model.html:2652:1 (GauPro_kernel_model.Rd:1781): Warning: <h5> anchor "Arguments" already defined
GauPro_kernel_model_LOO.html:195:1 (GauPro_kernel_model_LOO.Rd:143): Warning: <h5> anchor "Usage" already defined
GauPro_kernel_model_LOO.html:210:1 (GauPro_kernel_model_LOO.Rd:156): Warning: <h5> anchor "Arguments" already defined
GauPro_kernel_model_LOO.html:247:1 (GauPro_kernel_model_LOO.Rd:183): Warning: <h5> anchor "Usage" already defined
GauPro_kernel_model_LOO.html:259:1 (GauPro_kernel_model_LOO.Rd:193): Warning: <h5> anchor "Arguments" already defined
GauPro_kernel_model_LOO.html:291:1 (GauPro_kernel_model_LOO.Rd:215): Warning: <h5> anchor "Usage" already defined
GauPro_kernel_model_LOO.html:297:1 (GauPro_kernel_model_LOO.Rd:219): Warning: <h5> anchor "Arguments" already defined
Gaussian.html:220:1 (Gaussian.Rd:138): Warning: <h5> anchor "Usage" already defined
Gaussian.html:226:1 (Gaussian.Rd:142): Warning: <h5> anchor "Arguments" already defined
Gaussian.html:257:1 (Gaussian.Rd:163): Warning: <h5> anchor "Usage" already defined
Gaussian.html:263:1 (Gaussian.Rd:167): Warning: <h5> anchor "Arguments" already defined
Gaussian.html:295:1 (Gaussian.Rd:189): Warning: <h5> anchor "Usage" already defined
Gaussian.html:301:1 (Gaussian.Rd:193): Warning: <h5> anchor "Arguments" already defined
Gaussian.html:328:1 (Gaussian.Rd:210): Warning: <h5> anchor "Usage" already defined
Gaussian.html:334:1 (Gaussian.Rd:214): Warning: <h5> anchor "Arguments" already defined
Gaussian.html:365:1 (Gaussian.Rd:235): Warning: <h5> anchor "Usage" already defined
Gaussian.html:371:1 (Gaussian.Rd:239): Warning: <h5> anchor "Arguments" already defined
Gaussian.html:403:1 (Gaussian.Rd:261): Warning: <h5> anchor "Usage" already defined
Gaussian.html:409:1 (Gaussian.Rd:265): Warning: <h5> anchor "Arguments" already defined
Gaussian.html:441:1 (Gaussian.Rd:287): Warning: <h5> anchor "Usage" already defined
Gaussian.html:447:1 (Gaussian.Rd:291): Warning: <h5> anchor "Arguments" already defined
Gaussian.html:476:1 (Gaussian.Rd:310): Warning: <h5> anchor "Usage" already defined
Gaussian.html:492:1 (Gaussian.Rd:320): Warning: <h5> anchor "Usage" already defined
Gaussian.html:498:1 (Gaussian.Rd:324): Warning: <h5> anchor "Arguments" already defined
GowerFactorKernel.html:309:1 (GowerFactorKernel.Rd:232): Warning: <h5> anchor "Usage" already defined
GowerFactorKernel.html:315:1 (GowerFactorKernel.Rd:236): Warning: <h5> anchor "Arguments" already defined
GowerFactorKernel.html:347:1 (GowerFactorKernel.Rd:258): Warning: <h5> anchor "Usage" already defined
GowerFactorKernel.html:360:1 (GowerFactorKernel.Rd:269): Warning: <h5> anchor "Arguments" already defined
GowerFactorKernel.html:395:1 (GowerFactorKernel.Rd:294): Warning: <h5> anchor "Usage" already defined
GowerFactorKernel.html:401:1 (GowerFactorKernel.Rd:298): Warning: <h5> anchor "Arguments" already defined
GowerFactorKernel.html:433:1 (GowerFactorKernel.Rd:320): Warning: <h5> anchor "Usage" already defined
GowerFactorKernel.html:439:1 (GowerFactorKernel.Rd:324): Warning: <h5> anchor "Arguments" already defined
GowerFactorKernel.html:466:1 (GowerFactorKernel.Rd:341): Warning: <h5> anchor "Usage" already defined
GowerFactorKernel.html:472:1 (GowerFactorKernel.Rd:345): Warning: <h5> anchor "Arguments" already defined
GowerFactorKernel.html:499:1 (GowerFactorKernel.Rd:362): Warning: <h5> anchor "Usage" already defined
GowerFactorKernel.html:510:1 (GowerFactorKernel.Rd:371): Warning: <h5> anchor "Arguments" already defined
GowerFactorKernel.html:541:1 (GowerFactorKernel.Rd:392): Warning: <h5> anchor "Usage" already defined
GowerFactorKernel.html:552:1 (GowerFactorKernel.Rd:401): Warning: <h5> anchor "Arguments" already defined
GowerFactorKernel.html:583:1 (GowerFactorKernel.Rd:422): Warning: <h5> anchor "Usage" already defined
GowerFactorKernel.html:589:1 (GowerFactorKernel.Rd:426): Warning: <h5> anchor "Arguments" already defined
GowerFactorKernel.html:616:1 (GowerFactorKernel.Rd:443): Warning: <h5> anchor "Usage" already defined
GowerFactorKernel.html:622:1 (GowerFactorKernel.Rd:447): Warning: <h5> anchor "Arguments" already defined
GowerFactorKernel.html:649:1 (GowerFactorKernel.Rd:464): Warning: <h5> anchor "Usage" already defined
GowerFactorKernel.html:659:1 (GowerFactorKernel.Rd:472): Warning: <h5> anchor "Arguments" already defined
GowerFactorKernel.html:688:1 (GowerFactorKernel.Rd:491): Warning: <h5> anchor "Usage" already defined
GowerFactorKernel.html:694:1 (GowerFactorKernel.Rd:495): Warning: <h5> anchor "Arguments" already defined
GowerFactorKernel.html:719:1 (GowerFactorKernel.Rd:510): Warning: <h5> anchor "Usage" already defined
GowerFactorKernel.html:735:1 (GowerFactorKernel.Rd:520): Warning: <h5> anchor "Usage" already defined
GowerFactorKernel.html:741:1 (GowerFactorKernel.Rd:524): Warning: <h5> anchor "Arguments" already defined
IgnoreIndsKernel.html:206:1 (IgnoreIndsKernel.Rd:113): Warning: <h5> anchor "Usage" already defined
IgnoreIndsKernel.html:212:1 (IgnoreIndsKernel.Rd:117): Warning: <h5> anchor "Arguments" already defined
IgnoreIndsKernel.html:240:1 (IgnoreIndsKernel.Rd:135): Warning: <h5> anchor "Usage" already defined
IgnoreIndsKernel.html:246:1 (IgnoreIndsKernel.Rd:139): Warning: <h5> anchor "Arguments" already defined
IgnoreIndsKernel.html:273:1 (IgnoreIndsKernel.Rd:156): Warning: <h5> anchor "Usage" already defined
IgnoreIndsKernel.html:279:1 (IgnoreIndsKernel.Rd:160): Warning: <h5> anchor "Arguments" already defined
IgnoreIndsKernel.html:307:1 (IgnoreIndsKernel.Rd:178): Warning: <h5> anchor "Usage" already defined
IgnoreIndsKernel.html:313:1 (IgnoreIndsKernel.Rd:182): Warning: <h5> anchor "Arguments" already defined
IgnoreIndsKernel.html:340:1 (IgnoreIndsKernel.Rd:199): Warning: <h5> anchor "Usage" already defined
IgnoreIndsKernel.html:346:1 (IgnoreIndsKernel.Rd:203): Warning: <h5> anchor "Arguments" already defined
IgnoreIndsKernel.html:373:1 (IgnoreIndsKernel.Rd:220): Warning: <h5> anchor "Usage" already defined
IgnoreIndsKernel.html:379:1 (IgnoreIndsKernel.Rd:224): Warning: <h5> anchor "Arguments" already defined
IgnoreIndsKernel.html:402:1 (IgnoreIndsKernel.Rd:237): Warning: <h5> anchor "Usage" already defined
IgnoreIndsKernel.html:408:1 (IgnoreIndsKernel.Rd:241): Warning: <h5> anchor "Arguments" already defined
IgnoreIndsKernel.html:431:1 (IgnoreIndsKernel.Rd:254): Warning: <h5> anchor "Usage" already defined
IgnoreIndsKernel.html:437:1 (IgnoreIndsKernel.Rd:258): Warning: <h5> anchor "Arguments" already defined
IgnoreIndsKernel.html:460:1 (IgnoreIndsKernel.Rd:271): Warning: <h5> anchor "Usage" already defined
IgnoreIndsKernel.html:466:1 (IgnoreIndsKernel.Rd:275): Warning: <h5> anchor "Arguments" already defined
IgnoreIndsKernel.html:489:1 (IgnoreIndsKernel.Rd:288): Warning: <h5> anchor "Usage" already defined
IgnoreIndsKernel.html:495:1 (IgnoreIndsKernel.Rd:292): Warning: <h5> anchor "Arguments" already defined
IgnoreIndsKernel.html:518:1 (IgnoreIndsKernel.Rd:305): Warning: <h5> anchor "Usage" already defined
IgnoreIndsKernel.html:524:1 (IgnoreIndsKernel.Rd:309): Warning: <h5> anchor "Arguments" already defined
IgnoreIndsKernel.html:547:1 (IgnoreIndsKernel.Rd:322): Warning: <h5> anchor "Usage" already defined
IgnoreIndsKernel.html:563:1 (IgnoreIndsKernel.Rd:332): Warning: <h5> anchor "Usage" already defined
IgnoreIndsKernel.html:569:1 (IgnoreIndsKernel.Rd:336): Warning: <h5> anchor "Arguments" already defined
LatentFactorKernel.html:324:1 (LatentFactorKernel.Rd:261): Warning: <h5> anchor "Usage" already defined
LatentFactorKernel.html:330:1 (LatentFactorKernel.Rd:265): Warning: <h5> anchor "Arguments" already defined
LatentFactorKernel.html:362:1 (LatentFactorKernel.Rd:287): Warning: <h5> anchor "Usage" already defined
LatentFactorKernel.html:375:1 (LatentFactorKernel.Rd:298): Warning: <h5> anchor "Arguments" already defined
LatentFactorKernel.html:411:1 (LatentFactorKernel.Rd:324): Warning: <h5> anchor "Usage" already defined
LatentFactorKernel.html:417:1 (LatentFactorKernel.Rd:328): Warning: <h5> anchor "Arguments" already defined
LatentFactorKernel.html:449:1 (LatentFactorKernel.Rd:350): Warning: <h5> anchor "Usage" already defined
LatentFactorKernel.html:455:1 (LatentFactorKernel.Rd:354): Warning: <h5> anchor "Arguments" already defined
LatentFactorKernel.html:482:1 (LatentFactorKernel.Rd:371): Warning: <h5> anchor "Usage" already defined
LatentFactorKernel.html:488:1 (LatentFactorKernel.Rd:375): Warning: <h5> anchor "Arguments" already defined
LatentFactorKernel.html:515:1 (LatentFactorKernel.Rd:392): Warning: <h5> anchor "Usage" already defined
LatentFactorKernel.html:526:1 (LatentFactorKernel.Rd:401): Warning: <h5> anchor "Arguments" already defined
LatentFactorKernel.html:555:1 (LatentFactorKernel.Rd:420): Warning: <h5> anchor "Usage" already defined
LatentFactorKernel.html:566:1 (LatentFactorKernel.Rd:429): Warning: <h5> anchor "Arguments" already defined
LatentFactorKernel.html:595:1 (LatentFactorKernel.Rd:448): Warning: <h5> anchor "Usage" already defined
LatentFactorKernel.html:601:1 (LatentFactorKernel.Rd:452): Warning: <h5> anchor "Arguments" already defined
LatentFactorKernel.html:626:1 (LatentFactorKernel.Rd:467): Warning: <h5> anchor "Usage" already defined
LatentFactorKernel.html:632:1 (LatentFactorKernel.Rd:471): Warning: <h5> anchor "Arguments" already defined
LatentFactorKernel.html:657:1 (LatentFactorKernel.Rd:486): Warning: <h5> anchor "Usage" already defined
LatentFactorKernel.html:667:1 (LatentFactorKernel.Rd:494): Warning: <h5> anchor "Arguments" already defined
LatentFactorKernel.html:695:1 (LatentFactorKernel.Rd:512): Warning: <h5> anchor "Usage" already defined
LatentFactorKernel.html:701:1 (LatentFactorKernel.Rd:516): Warning: <h5> anchor "Arguments" already defined
LatentFactorKernel.html:724:1 (LatentFactorKernel.Rd:529): Warning: <h5> anchor "Usage" already defined
LatentFactorKernel.html:730:1 (LatentFactorKernel.Rd:533): Warning: <h5> anchor "Arguments" already defined
LatentFactorKernel.html:755:1 (LatentFactorKernel.Rd:548): Warning: <h5> anchor "Usage" already defined
LatentFactorKernel.html:771:1 (LatentFactorKernel.Rd:558): Warning: <h5> anchor "Usage" already defined
LatentFactorKernel.html:787:1 (LatentFactorKernel.Rd:568): Warning: <h5> anchor "Usage" already defined
LatentFactorKernel.html:793:1 (LatentFactorKernel.Rd:572): Warning: <h5> anchor "Arguments" already defined
Matern32.html:221:1 (Matern32.Rd:139): Warning: <h5> anchor "Usage" already defined
Matern32.html:227:1 (Matern32.Rd:143): Warning: <h5> anchor "Arguments" already defined
Matern32.html:258:1 (Matern32.Rd:164): Warning: <h5> anchor "Usage" already defined
Matern32.html:264:1 (Matern32.Rd:168): Warning: <h5> anchor "Arguments" already defined
Matern32.html:295:1 (Matern32.Rd:189): Warning: <h5> anchor "Usage" already defined
Matern32.html:301:1 (Matern32.Rd:193): Warning: <h5> anchor "Arguments" already defined
Matern32.html:332:1 (Matern32.Rd:214): Warning: <h5> anchor "Usage" already defined
Matern32.html:348:1 (Matern32.Rd:224): Warning: <h5> anchor "Usage" already defined
Matern32.html:354:1 (Matern32.Rd:228): Warning: <h5> anchor "Arguments" already defined
Matern52.html:229:1 (Matern52.Rd:144): Warning: <h5> anchor "Usage" already defined
Matern52.html:235:1 (Matern52.Rd:148): Warning: <h5> anchor "Arguments" already defined
Matern52.html:266:1 (Matern52.Rd:169): Warning: <h5> anchor "Usage" already defined
Matern52.html:272:1 (Matern52.Rd:173): Warning: <h5> anchor "Arguments" already defined
Matern52.html:303:1 (Matern52.Rd:194): Warning: <h5> anchor "Usage" already defined
Matern52.html:309:1 (Matern52.Rd:198): Warning: <h5> anchor "Arguments" already defined
Matern52.html:340:1 (Matern52.Rd:219): Warning: <h5> anchor "Usage" already defined
Matern52.html:356:1 (Matern52.Rd:229): Warning: <h5> anchor "Usage" already defined
Matern52.html:362:1 (Matern52.Rd:233): Warning: <h5> anchor "Arguments" already defined
OrderedFactorKernel.html:307:1 (OrderedFactorKernel.Rd:232): Warning: <h5> anchor "Usage" already defined
OrderedFactorKernel.html:313:1 (OrderedFactorKernel.Rd:236): Warning: <h5> anchor "Arguments" already defined
OrderedFactorKernel.html:345:1 (OrderedFactorKernel.Rd:258): Warning: <h5> anchor "Usage" already defined
OrderedFactorKernel.html:358:1 (OrderedFactorKernel.Rd:269): Warning: <h5> anchor "Arguments" already defined
OrderedFactorKernel.html:393:1 (OrderedFactorKernel.Rd:294): Warning: <h5> anchor "Usage" already defined
OrderedFactorKernel.html:399:1 (OrderedFactorKernel.Rd:298): Warning: <h5> anchor "Arguments" already defined
OrderedFactorKernel.html:431:1 (OrderedFactorKernel.Rd:320): Warning: <h5> anchor "Usage" already defined
OrderedFactorKernel.html:437:1 (OrderedFactorKernel.Rd:324): Warning: <h5> anchor "Arguments" already defined
OrderedFactorKernel.html:464:1 (OrderedFactorKernel.Rd:341): Warning: <h5> anchor "Usage" already defined
OrderedFactorKernel.html:470:1 (OrderedFactorKernel.Rd:345): Warning: <h5> anchor "Arguments" already defined
OrderedFactorKernel.html:497:1 (OrderedFactorKernel.Rd:362): Warning: <h5> anchor "Usage" already defined
OrderedFactorKernel.html:508:1 (OrderedFactorKernel.Rd:371): Warning: <h5> anchor "Arguments" already defined
OrderedFactorKernel.html:537:1 (OrderedFactorKernel.Rd:390): Warning: <h5> anchor "Usage" already defined
OrderedFactorKernel.html:548:1 (OrderedFactorKernel.Rd:399): Warning: <h5> anchor "Arguments" already defined
OrderedFactorKernel.html:577:1 (OrderedFactorKernel.Rd:418): Warning: <h5> anchor "Usage" already defined
OrderedFactorKernel.html:583:1 (OrderedFactorKernel.Rd:422): Warning: <h5> anchor "Arguments" already defined
OrderedFactorKernel.html:608:1 (OrderedFactorKernel.Rd:437): Warning: <h5> anchor "Usage" already defined
OrderedFactorKernel.html:614:1 (OrderedFactorKernel.Rd:441): Warning: <h5> anchor "Arguments" already defined
OrderedFactorKernel.html:639:1 (OrderedFactorKernel.Rd:456): Warning: <h5> anchor "Usage" already defined
OrderedFactorKernel.html:649:1 (OrderedFactorKernel.Rd:464): Warning: <h5> anchor "Arguments" already defined
OrderedFactorKernel.html:676:1 (OrderedFactorKernel.Rd:481): Warning: <h5> anchor "Usage" already defined
OrderedFactorKernel.html:682:1 (OrderedFactorKernel.Rd:485): Warning: <h5> anchor "Arguments" already defined
OrderedFactorKernel.html:707:1 (OrderedFactorKernel.Rd:500): Warning: <h5> anchor "Usage" already defined
OrderedFactorKernel.html:723:1 (OrderedFactorKernel.Rd:510): Warning: <h5> anchor "Usage" already defined
OrderedFactorKernel.html:739:1 (OrderedFactorKernel.Rd:520): Warning: <h5> anchor "Usage" already defined
OrderedFactorKernel.html:745:1 (OrderedFactorKernel.Rd:524): Warning: <h5> anchor "Arguments" already defined
Periodic.html:322:1 (Periodic.Rd:216): Warning: <h5> anchor "Usage" already defined
Periodic.html:335:1 (Periodic.Rd:227): Warning: <h5> anchor "Arguments" already defined
Periodic.html:369:1 (Periodic.Rd:251): Warning: <h5> anchor "Usage" already defined
Periodic.html:375:1 (Periodic.Rd:255): Warning: <h5> anchor "Arguments" already defined
Periodic.html:408:1 (Periodic.Rd:278): Warning: <h5> anchor "Usage" already defined
Periodic.html:414:1 (Periodic.Rd:282): Warning: <h5> anchor "Arguments" already defined
Periodic.html:446:1 (Periodic.Rd:304): Warning: <h5> anchor "Usage" already defined
Periodic.html:452:1 (Periodic.Rd:308): Warning: <h5> anchor "Arguments" already defined
Periodic.html:479:1 (Periodic.Rd:325): Warning: <h5> anchor "Usage" already defined
Periodic.html:485:1 (Periodic.Rd:329): Warning: <h5> anchor "Arguments" already defined
Periodic.html:516:1 (Periodic.Rd:350): Warning: <h5> anchor "Usage" already defined
Periodic.html:528:1 (Periodic.Rd:360): Warning: <h5> anchor "Arguments" already defined
Periodic.html:559:1 (Periodic.Rd:381): Warning: <h5> anchor "Usage" already defined
Periodic.html:571:1 (Periodic.Rd:391): Warning: <h5> anchor "Arguments" already defined
Periodic.html:602:1 (Periodic.Rd:412): Warning: <h5> anchor "Usage" already defined
Periodic.html:612:1 (Periodic.Rd:420): Warning: <h5> anchor "Arguments" already defined
Periodic.html:639:1 (Periodic.Rd:437): Warning: <h5> anchor "Usage" already defined
Periodic.html:649:1 (Periodic.Rd:445): Warning: <h5> anchor "Arguments" already defined
Periodic.html:676:1 (Periodic.Rd:462): Warning: <h5> anchor "Usage" already defined
Periodic.html:687:1 (Periodic.Rd:471): Warning: <h5> anchor "Arguments" already defined
Periodic.html:716:1 (Periodic.Rd:490): Warning: <h5> anchor "Usage" already defined
Periodic.html:722:1 (Periodic.Rd:494): Warning: <h5> anchor "Arguments" already defined
Periodic.html:747:1 (Periodic.Rd:509): Warning: <h5> anchor "Usage" already defined
Periodic.html:763:1 (Periodic.Rd:519): Warning: <h5> anchor "Usage" already defined
Periodic.html:769:1 (Periodic.Rd:523): Warning: <h5> anchor "Arguments" already defined
PowerExp.html:284:1 (PowerExp.Rd:174): Warning: <h5> anchor "Usage" already defined
PowerExp.html:297:1 (PowerExp.Rd:185): Warning: <h5> anchor "Arguments" already defined
PowerExp.html:331:1 (PowerExp.Rd:209): Warning: <h5> anchor "Usage" already defined
PowerExp.html:337:1 (PowerExp.Rd:213): Warning: <h5> anchor "Arguments" already defined
PowerExp.html:370:1 (PowerExp.Rd:236): Warning: <h5> anchor "Usage" already defined
PowerExp.html:376:1 (PowerExp.Rd:240): Warning: <h5> anchor "Arguments" already defined
PowerExp.html:407:1 (PowerExp.Rd:261): Warning: <h5> anchor "Usage" already defined
PowerExp.html:420:1 (PowerExp.Rd:272): Warning: <h5> anchor "Arguments" already defined
PowerExp.html:453:1 (PowerExp.Rd:295): Warning: <h5> anchor "Usage" already defined
PowerExp.html:465:1 (PowerExp.Rd:305): Warning: <h5> anchor "Arguments" already defined
PowerExp.html:496:1 (PowerExp.Rd:326): Warning: <h5> anchor "Usage" already defined
PowerExp.html:508:1 (PowerExp.Rd:336): Warning: <h5> anchor "Arguments" already defined
PowerExp.html:539:1 (PowerExp.Rd:357): Warning: <h5> anchor "Usage" already defined
PowerExp.html:549:1 (PowerExp.Rd:365): Warning: <h5> anchor "Arguments" already defined
PowerExp.html:576:1 (PowerExp.Rd:382): Warning: <h5> anchor "Usage" already defined
PowerExp.html:586:1 (PowerExp.Rd:390): Warning: <h5> anchor "Arguments" already defined
PowerExp.html:613:1 (PowerExp.Rd:407): Warning: <h5> anchor "Usage" already defined
PowerExp.html:624:1 (PowerExp.Rd:416): Warning: <h5> anchor "Arguments" already defined
PowerExp.html:653:1 (PowerExp.Rd:435): Warning: <h5> anchor "Usage" already defined
PowerExp.html:669:1 (PowerExp.Rd:445): Warning: <h5> anchor "Usage" already defined
PowerExp.html:675:1 (PowerExp.Rd:449): Warning: <h5> anchor "Arguments" already defined
RatQuad.html:286:1 (RatQuad.Rd:176): Warning: <h5> anchor "Usage" already defined
RatQuad.html:299:1 (RatQuad.Rd:187): Warning: <h5> anchor "Arguments" already defined
RatQuad.html:333:1 (RatQuad.Rd:211): Warning: <h5> anchor "Usage" already defined
RatQuad.html:339:1 (RatQuad.Rd:215): Warning: <h5> anchor "Arguments" already defined
RatQuad.html:372:1 (RatQuad.Rd:238): Warning: <h5> anchor "Usage" already defined
RatQuad.html:378:1 (RatQuad.Rd:242): Warning: <h5> anchor "Arguments" already defined
RatQuad.html:409:1 (RatQuad.Rd:263): Warning: <h5> anchor "Usage" already defined
RatQuad.html:415:1 (RatQuad.Rd:267): Warning: <h5> anchor "Arguments" already defined
RatQuad.html:448:1 (RatQuad.Rd:290): Warning: <h5> anchor "Usage" already defined
RatQuad.html:460:1 (RatQuad.Rd:300): Warning: <h5> anchor "Arguments" already defined
RatQuad.html:491:1 (RatQuad.Rd:321): Warning: <h5> anchor "Usage" already defined
RatQuad.html:503:1 (RatQuad.Rd:331): Warning: <h5> anchor "Arguments" already defined
RatQuad.html:534:1 (RatQuad.Rd:352): Warning: <h5> anchor "Usage" already defined
RatQuad.html:544:1 (RatQuad.Rd:360): Warning: <h5> anchor "Arguments" already defined
RatQuad.html:571:1 (RatQuad.Rd:377): Warning: <h5> anchor "Usage" already defined
RatQuad.html:581:1 (RatQuad.Rd:385): Warning: <h5> anchor "Arguments" already defined
RatQuad.html:608:1 (RatQuad.Rd:402): Warning: <h5> anchor "Usage" already defined
RatQuad.html:619:1 (RatQuad.Rd:411): Warning: <h5> anchor "Arguments" already defined
RatQuad.html:648:1 (RatQuad.Rd:430): Warning: <h5> anchor "Usage" already defined
RatQuad.html:664:1 (RatQuad.Rd:440): Warning: <h5> anchor "Usage" already defined
RatQuad.html:670:1 (RatQuad.Rd:444): Warning: <h5> anchor "Arguments" already defined
Triangle.html:209:1 (Triangle.Rd:132): Warning: <h5> anchor "Usage" already defined
Triangle.html:215:1 (Triangle.Rd:136): Warning: <h5> anchor "Arguments" already defined
Triangle.html:246:1 (Triangle.Rd:157): Warning: <h5> anchor "Usage" already defined
Triangle.html:252:1 (Triangle.Rd:161): Warning: <h5> anchor "Arguments" already defined
Triangle.html:283:1 (Triangle.Rd:182): Warning: <h5> anchor "Usage" already defined
Triangle.html:289:1 (Triangle.Rd:186): Warning: <h5> anchor "Arguments" already defined
Triangle.html:320:1 (Triangle.Rd:207): Warning: <h5> anchor "Usage" already defined
Triangle.html:336:1 (Triangle.Rd:217): Warning: <h5> anchor "Usage" already defined
Triangle.html:342:1 (Triangle.Rd:221): Warning: <h5> anchor "Arguments" already defined
White.html:224:1 (White.Rd:126): Warning: <h5> anchor "Usage" already defined
White.html:230:1 (White.Rd:130): Warning: <h5> anchor "Arguments" already defined
White.html:260:1 (White.Rd:150): Warning: <h5> anchor "Usage" already defined
White.html:266:1 (White.Rd:154): Warning: <h5> anchor "Arguments" already defined
White.html:293:1 (White.Rd:171): Warning: <h5> anchor "Usage" already defined
White.html:299:1 (White.Rd:175): Warning: <h5> anchor "Arguments" already defined
White.html:331:1 (White.Rd:197): Warning: <h5> anchor "Usage" already defined
White.html:337:1 (White.Rd:201): Warning: <h5> anchor "Arguments" already defined
White.html:364:1 (White.Rd:218): Warning: <h5> anchor "Usage" already defined
White.html:370:1 (White.Rd:222): Warning: <h5> anchor "Arguments" already defined
White.html:401:1 (White.Rd:243): Warning: <h5> anchor "Usage" already defined
White.html:407:1 (White.Rd:247): Warning: <h5> anchor "Arguments" already defined
White.html:434:1 (White.Rd:264): Warning: <h5> anchor "Usage" already defined
White.html:440:1 (White.Rd:268): Warning: <h5> anchor "Arguments" already defined
White.html:467:1 (White.Rd:285): Warning: <h5> anchor "Usage" already defined
White.html:473:1 (White.Rd:289): Warning: <h5> anchor "Arguments" already defined
White.html:496:1 (White.Rd:302): Warning: <h5> anchor "Usage" already defined
White.html:502:1 (White.Rd:306): Warning: <h5> anchor "Arguments" already defined
White.html:525:1 (White.Rd:319): Warning: <h5> anchor "Usage" already defined
White.html:531:1 (White.Rd:323): Warning: <h5> anchor "Arguments" already defined
White.html:556:1 (White.Rd:338): Warning: <h5> anchor "Usage" already defined
White.html:562:1 (White.Rd:342): Warning: <h5> anchor "Arguments" already defined
White.html:587:1 (White.Rd:357): Warning: <h5> anchor "Usage" already defined
White.html:603:1 (White.Rd:367): Warning: <h5> anchor "Usage" already defined
White.html:609:1 (White.Rd:371): Warning: <h5> anchor "Arguments" already defined
kernel_product.html:185:1 (kernel_product.Rd:109): Warning: <h5> anchor "Usage" already defined
kernel_product.html:191:1 (kernel_product.Rd:113): Warning: <h5> anchor "Arguments" already defined
kernel_product.html:221:1 (kernel_product.Rd:133): Warning: <h5> anchor "Usage" already defined
kernel_product.html:227:1 (kernel_product.Rd:137): Warning: <h5> anchor "Arguments" already defined
kernel_product.html:252:1 (kernel_product.Rd:152): Warning: <h5> anchor "Usage" already defined
kernel_product.html:258:1 (kernel_product.Rd:156): Warning: <h5> anchor "Arguments" already defined
kernel_product.html:283:1 (kernel_product.Rd:171): Warning: <h5> anchor "Usage" already defined
kernel_product.html:299:1 (kernel_product.Rd:181): Warning: <h5> anchor "Usage" already defined
kernel_product.html:315:1 (kernel_product.Rd:191): Warning: <h5> anchor "Usage" already defined
kernel_product.html:321:1 (kernel_product.Rd:195): Warning: <h5> anchor "Arguments" already defined
kernel_product.html:344:1 (kernel_product.Rd:208): Warning: <h5> anchor "Usage" already defined
kernel_product.html:350:1 (kernel_product.Rd:212): Warning: <h5> anchor "Arguments" already defined
kernel_product.html:382:1 (kernel_product.Rd:234): Warning: <h5> anchor "Usage" already defined
kernel_product.html:388:1 (kernel_product.Rd:238): Warning: <h5> anchor "Arguments" already defined
kernel_product.html:415:1 (kernel_product.Rd:255): Warning: <h5> anchor "Usage" already defined
kernel_product.html:421:1 (kernel_product.Rd:259): Warning: <h5> anchor "Arguments" already defined
kernel_product.html:446:1 (kernel_product.Rd:274): Warning: <h5> anchor "Usage" already defined
kernel_product.html:452:1 (kernel_product.Rd:278): Warning: <h5> anchor "Arguments" already defined
kernel_product.html:477:1 (kernel_product.Rd:293): Warning: <h5> anchor "Usage" already defined
kernel_product.html:493:1 (kernel_product.Rd:303): Warning: <h5> anchor "Usage" already defined
kernel_product.html:499:1 (kernel_product.Rd:307): Warning: <h5> anchor "Arguments" already defined
kernel_sum.html:173:1 (kernel_sum.Rd:99): Warning: <h5> anchor "Usage" already defined
kernel_sum.html:179:1 (kernel_sum.Rd:103): Warning: <h5> anchor "Arguments" already defined
kernel_sum.html:209:1 (kernel_sum.Rd:123): Warning: <h5> anchor "Usage" already defined
kernel_sum.html:215:1 (kernel_sum.Rd:127): Warning: <h5> anchor "Arguments" already defined
kernel_sum.html:240:1 (kernel_sum.Rd:142): Warning: <h5> anchor "Usage" already defined
kernel_sum.html:246:1 (kernel_sum.Rd:146): Warning: <h5> anchor "Arguments" already defined
kernel_sum.html:271:1 (kernel_sum.Rd:161): Warning: <h5> anchor "Usage" already defined
kernel_sum.html:287:1 (kernel_sum.Rd:171): Warning: <h5> anchor "Usage" already defined
kernel_sum.html:303:1 (kernel_sum.Rd:181): Warning: <h5> anchor "Usage" already defined
kernel_sum.html:309:1 (kernel_sum.Rd:185): Warning: <h5> anchor "Arguments" already defined
kernel_sum.html:332:1 (kernel_sum.Rd:198): Warning: <h5> anchor "Usage" already defined
kernel_sum.html:338:1 (kernel_sum.Rd:202): Warning: <h5> anchor "Arguments" already defined
kernel_sum.html:370:1 (kernel_sum.Rd:224): Warning: <h5> anchor "Usage" already defined
kernel_sum.html:376:1 (kernel_sum.Rd:228): Warning: <h5> anchor "Arguments" already defined
kernel_sum.html:403:1 (kernel_sum.Rd:245): Warning: <h5> anchor "Usage" already defined
kernel_sum.html:409:1 (kernel_sum.Rd:249): Warning: <h5> anchor "Arguments" already defined
kernel_sum.html:434:1 (kernel_sum.Rd:264): Warning: <h5> anchor "Usage" already defined
kernel_sum.html:440:1 (kernel_sum.Rd:268): Warning: <h5> anchor "Arguments" already defined
kernel_sum.html:465:1 (kernel_sum.Rd:283): Warning: <h5> anchor "Usage" already defined
kernel_sum.html:481:1 (kernel_sum.Rd:293): Warning: <h5> anchor "Usage" already defined
kernel_sum.html:487:1 (kernel_sum.Rd:297): Warning: <h5> anchor "Arguments" already defined
trend_0.html:153:1 (trend_0.Rd:82): Warning: <h5> anchor "Usage" already defined
trend_0.html:159:1 (trend_0.Rd:86): Warning: <h5> anchor "Arguments" already defined
trend_0.html:186:1 (trend_0.Rd:103): Warning: <h5> anchor "Usage" already defined
trend_0.html:192:1 (trend_0.Rd:107): Warning: <h5> anchor "Arguments" already defined
trend_0.html:219:1 (trend_0.Rd:124): Warning: <h5> anchor "Usage" already defined
trend_0.html:225:1 (trend_0.Rd:128): Warning: <h5> anchor "Arguments" already defined
trend_0.html:252:1 (trend_0.Rd:145): Warning: <h5> anchor "Usage" already defined
trend_0.html:258:1 (trend_0.Rd:149): Warning: <h5> anchor "Arguments" already defined
trend_0.html:283:1 (trend_0.Rd:164): Warning: <h5> anchor "Usage" already defined
trend_0.html:289:1 (trend_0.Rd:168): Warning: <h5> anchor "Arguments" already defined
trend_0.html:314:1 (trend_0.Rd:183): Warning: <h5> anchor "Usage" already defined
trend_0.html:320:1 (trend_0.Rd:187): Warning: <h5> anchor "Arguments" already defined
trend_0.html:345:1 (trend_0.Rd:202): Warning: <h5> anchor "Usage" already defined
trend_0.html:351:1 (trend_0.Rd:206): Warning: <h5> anchor "Arguments" already defined
trend_0.html:376:1 (trend_0.Rd:221): Warning: <h5> anchor "Usage" already defined
trend_0.html:382:1 (trend_0.Rd:225): Warning: <h5> anchor "Arguments" already defined
trend_0.html:405:1 (trend_0.Rd:238): Warning: <h5> anchor "Usage" already defined
trend_0.html:411:1 (trend_0.Rd:242): Warning: <h5> anchor "Arguments" already defined
trend_LM.html:179:1 (trend_LM.Rd:108): Warning: <h5> anchor "Usage" already defined
trend_LM.html:185:1 (trend_LM.Rd:112): Warning: <h5> anchor "Arguments" already defined
trend_LM.html:214:1 (trend_LM.Rd:131): Warning: <h5> anchor "Usage" already defined
trend_LM.html:220:1 (trend_LM.Rd:135): Warning: <h5> anchor "Arguments" already defined
trend_LM.html:249:1 (trend_LM.Rd:154): Warning: <h5> anchor "Usage" already defined
trend_LM.html:255:1 (trend_LM.Rd:158): Warning: <h5> anchor "Arguments" already defined
trend_LM.html:282:1 (trend_LM.Rd:175): Warning: <h5> anchor "Usage" already defined
trend_LM.html:292:1 (trend_LM.Rd:183): Warning: <h5> anchor "Arguments" already defined
trend_LM.html:319:1 (trend_LM.Rd:200): Warning: <h5> anchor "Usage" already defined
trend_LM.html:329:1 (trend_LM.Rd:208): Warning: <h5> anchor "Arguments" already defined
trend_LM.html:356:1 (trend_LM.Rd:225): Warning: <h5> anchor "Usage" already defined
trend_LM.html:362:1 (trend_LM.Rd:229): Warning: <h5> anchor "Arguments" already defined
trend_LM.html:387:1 (trend_LM.Rd:244): Warning: <h5> anchor "Usage" already defined
trend_LM.html:393:1 (trend_LM.Rd:248): Warning: <h5> anchor "Arguments" already defined
trend_LM.html:418:1 (trend_LM.Rd:263): Warning: <h5> anchor "Usage" already defined
trend_LM.html:424:1 (trend_LM.Rd:267): Warning: <h5> anchor "Arguments" already defined
trend_LM.html:447:1 (trend_LM.Rd:280): Warning: <h5> anchor "Usage" already defined
trend_LM.html:453:1 (trend_LM.Rd:284): Warning: <h5> anchor "Arguments" already defined
trend_c.html:153:1 (trend_c.Rd:82): Warning: <h5> anchor "Usage" already defined
trend_c.html:159:1 (trend_c.Rd:86): Warning: <h5> anchor "Arguments" already defined
trend_c.html:186:1 (trend_c.Rd:103): Warning: <h5> anchor "Usage" already defined
trend_c.html:192:1 (trend_c.Rd:107): Warning: <h5> anchor "Arguments" already defined
trend_c.html:219:1 (trend_c.Rd:124): Warning: <h5> anchor "Usage" already defined
trend_c.html:225:1 (trend_c.Rd:128): Warning: <h5> anchor "Arguments" already defined
trend_c.html:252:1 (trend_c.Rd:145): Warning: <h5> anchor "Usage" already defined
trend_c.html:258:1 (trend_c.Rd:149): Warning: <h5> anchor "Arguments" already defined
trend_c.html:283:1 (trend_c.Rd:164): Warning: <h5> anchor "Usage" already defined
trend_c.html:289:1 (trend_c.Rd:168): Warning: <h5> anchor "Arguments" already defined
trend_c.html:314:1 (trend_c.Rd:183): Warning: <h5> anchor "Usage" already defined
trend_c.html:320:1 (trend_c.Rd:187): Warning: <h5> anchor "Arguments" already defined
trend_c.html:343:1 (trend_c.Rd:200): Warning: <h5> anchor "Usage" already defined
trend_c.html:349:1 (trend_c.Rd:204): Warning: <h5> anchor "Arguments" already defined
trend_c.html:372:1 (trend_c.Rd:217): Warning: <h5> anchor "Usage" already defined
trend_c.html:378:1 (trend_c.Rd:221): Warning: <h5> anchor "Arguments" already defined
trend_c.html:401:1 (trend_c.Rd:234): Warning: <h5> anchor "Usage" already defined
trend_c.html:407:1 (trend_c.Rd:238): Warning: <h5> anchor "Arguments" already defined
Flavors: r-devel-linux-x86_64-debian-clang, r-devel-linux-x86_64-debian-gcc
Version: 0.2.16
Check: installed package size
Result: NOTE
installed size is 9.4Mb
sub-directories of 1Mb or more:
R 2.0Mb
libs 6.5Mb
Flavors: r-oldrel-macos-arm64, r-oldrel-macos-x86_64