Last updated on 2025-10-24 11:50:47 CEST.
| Flavor | Version | Tinstall | Tcheck | Ttotal | Status | Flags |
|---|---|---|---|---|---|---|
| r-devel-linux-x86_64-debian-clang | 0.1.5.9 | 9.97 | 90.83 | 100.80 | NOTE | |
| r-devel-linux-x86_64-debian-gcc | 0.1.5.9 | 6.96 | 66.77 | 73.73 | NOTE | |
| r-devel-linux-x86_64-fedora-clang | 0.1.5.9 | 24.00 | 122.90 | 146.90 | OK | |
| r-devel-linux-x86_64-fedora-gcc | 0.1.5.9 | 45.00 | 124.91 | 169.91 | OK | |
| r-devel-windows-x86_64 | 0.1.5.9 | 11.00 | 98.00 | 109.00 | OK | |
| r-patched-linux-x86_64 | 0.1.5.9 | 9.84 | 84.99 | 94.83 | OK | |
| r-release-linux-x86_64 | 0.1.5.9 | 9.09 | 83.65 | 92.74 | OK | |
| r-release-macos-arm64 | 0.1.5.9 | 4.00 | 47.00 | 51.00 | OK | |
| r-release-macos-x86_64 | 0.1.5.9 | 14.00 | 99.00 | 113.00 | OK | |
| r-release-windows-x86_64 | 0.1.5.9 | 11.00 | 101.00 | 112.00 | OK | |
| r-oldrel-macos-arm64 | 0.1.5.9 | 4.00 | 41.00 | 45.00 | OK | |
| r-oldrel-macos-x86_64 | 0.1.5.9 | 9.00 | 96.00 | 105.00 | OK | |
| r-oldrel-windows-x86_64 | 0.1.5.9 | 12.00 | 123.00 | 135.00 | OK |
Version: 0.1.5.9
Check: CRAN incoming feasibility
Result: NOTE
Maintainer: ‘Daniel Fischer <daniel.fischer@luke.fi>’
No Authors@R field in DESCRIPTION.
Please add one, modifying
Authors@R: person(given = "Daniel",
family = "Fischer",
role = c("aut", "cre"),
email = "daniel.fischer@luke.fi")
as necessary.
Flavors: r-devel-linux-x86_64-debian-clang, r-devel-linux-x86_64-debian-gcc