Last updated on 2025-10-24 11:50:47 CEST.
| Flavor | Version | Tinstall | Tcheck | Ttotal | Status | Flags |
|---|---|---|---|---|---|---|
| r-devel-linux-x86_64-debian-clang | 1.0.2 | 58.95 | 55.30 | 114.25 | OK | |
| r-devel-linux-x86_64-debian-gcc | 1.0.2 | 39.33 | 44.79 | 84.12 | OK | |
| r-devel-linux-x86_64-fedora-clang | 1.0.2 | 99.00 | 106.31 | 205.31 | OK | |
| r-devel-linux-x86_64-fedora-gcc | 1.0.2 | 63.00 | 146.57 | 209.57 | OK | |
| r-devel-windows-x86_64 | 1.0.2 | 79.00 | 106.00 | 185.00 | OK | |
| r-patched-linux-x86_64 | 1.0.2 | 65.17 | 54.96 | 120.13 | OK | |
| r-release-linux-x86_64 | 1.0.2 | 66.24 | 55.09 | 121.33 | OK | |
| r-release-macos-arm64 | 1.0.2 | 29.00 | 45.00 | 74.00 | OK | |
| r-release-macos-x86_64 | 1.0.2 | 45.00 | 146.00 | 191.00 | OK | |
| r-release-windows-x86_64 | 1.0.2 | 80.00 | 114.00 | 194.00 | OK | |
| r-oldrel-macos-arm64 | 1.0.2 | 38.00 | 48.00 | 86.00 | NOTE | |
| r-oldrel-macos-x86_64 | 1.0.2 | 34.00 | 140.00 | 174.00 | NOTE | |
| r-oldrel-windows-x86_64 | 1.0.2 | 91.00 | 129.00 | 220.00 | OK |
Version: 1.0.2
Check: installed package size
Result: NOTE
installed size is 7.0Mb
sub-directories of 1Mb or more:
libs 6.5Mb
Flavors: r-oldrel-macos-arm64, r-oldrel-macos-x86_64