CRAN Package Check Results for Package GitAI

Last updated on 2025-10-21 17:49:49 CEST.

Flavor Version Tinstall Tcheck Ttotal Status Flags
r-devel-linux-x86_64-debian-clang 0.1.2 4.85 32.65 37.50 NOTE
r-devel-linux-x86_64-debian-gcc 0.1.2 3.53 25.13 28.66 NOTE
r-devel-linux-x86_64-fedora-clang 0.1.2 21.00 39.55 60.55 OK
r-devel-linux-x86_64-fedora-gcc 0.1.2 12.00 55.56 67.56 OK
r-devel-windows-x86_64 0.1.2 7.00 51.00 58.00 OK
r-patched-linux-x86_64 0.1.2 5.59 29.72 35.31 OK
r-release-linux-x86_64 0.1.2 5.26 29.44 34.70 OK
r-release-macos-arm64 0.1.2 2.00 23.00 25.00 OK
r-release-macos-x86_64 0.1.2 4.00 45.00 49.00 OK
r-release-windows-x86_64 0.1.2 7.00 51.00 58.00 OK
r-oldrel-macos-arm64 0.1.2 2.00 30.00 32.00 OK
r-oldrel-macos-x86_64 0.1.2 4.00 48.00 52.00 OK
r-oldrel-windows-x86_64 0.1.2 10.00 59.00 69.00 OK

Check Details

Version: 0.1.2
Check: HTML version of manual
Result: NOTE Found the following HTML validation problems: find_records.html:59:1 (find_records.Rd:17): Warning: missing </ul> before </div> set_database.html:54:1 (set_database.Rd:14): Warning: missing </ul> before </div> Flavors: r-devel-linux-x86_64-debian-clang, r-devel-linux-x86_64-debian-gcc