CRAN Package Check Results for Package GrapheR

Last updated on 2025-10-21 17:49:50 CEST.

Flavor Version Tinstall Tcheck Ttotal Status Flags
r-devel-linux-x86_64-debian-clang 1.9-86-5 23.83 87.86 111.69 NOTE
r-devel-linux-x86_64-debian-gcc 1.9-86-5 15.01 66.38 81.39 NOTE
r-devel-linux-x86_64-fedora-clang 1.9-86-5 52.00 126.40 178.40 OK
r-devel-linux-x86_64-fedora-gcc 1.9-86-5 47.00 118.45 165.45 OK
r-devel-windows-x86_64 1.9-86-5 19.00 77.00 96.00 OK
r-patched-linux-x86_64 1.9-86-5 25.16 88.14 113.30 OK
r-release-linux-x86_64 1.9-86-5 24.26 87.64 111.90 OK
r-release-macos-arm64 1.9-86-5 34.00 71.00 105.00 OK
r-release-macos-x86_64 1.9-86-5 21.00 68.00 89.00 OK
r-release-windows-x86_64 1.9-86-5 19.00 78.00 97.00 OK
r-oldrel-macos-arm64 1.9-86-5 21.00 55.00 76.00 OK
r-oldrel-macos-x86_64 1.9-86-5 20.00 70.00 90.00 OK
r-oldrel-windows-x86_64 1.9-86-5 16.00 79.00 95.00 OK

Check Details

Version: 1.9-86-5
Check: CRAN incoming feasibility
Result: NOTE Maintainer: ‘Maxime HERVE <maxime.herve@univ-rennes1.fr>’ No Authors@R field in DESCRIPTION. Please add one, modifying Authors@R: person(given = "Maxime", family = "HERVE", role = c("aut", "cre"), email = "maxime.herve@univ-rennes1.fr") as necessary. Flavors: r-devel-linux-x86_64-debian-clang, r-devel-linux-x86_64-debian-gcc