Last updated on 2025-10-21 11:53:26 CEST.
Flavor | Version | Tinstall | Tcheck | Ttotal | Status | Flags |
---|---|---|---|---|---|---|
r-devel-linux-x86_64-debian-clang | 1.0.4 | 53.87 | 158.68 | 212.55 | NOTE | |
r-devel-linux-x86_64-debian-gcc | 1.0.4 | 33.63 | 104.43 | 138.06 | NOTE | |
r-devel-linux-x86_64-fedora-clang | 1.0.4 | 351.17 | OK | |||
r-devel-linux-x86_64-fedora-gcc | 1.0.4 | 118.00 | 235.96 | 353.96 | OK | |
r-devel-windows-x86_64 | 1.0.4 | 54.00 | 307.00 | 361.00 | OK | |
r-patched-linux-x86_64 | 1.0.4 | 50.39 | 152.04 | 202.43 | OK | |
r-release-linux-x86_64 | 1.0.4 | 48.97 | 152.08 | 201.05 | OK | |
r-release-macos-arm64 | 1.0.4 | 114.00 | OK | |||
r-release-macos-x86_64 | 1.0.4 | 29.00 | 234.00 | 263.00 | OK | |
r-release-windows-x86_64 | 1.0.4 | 54.00 | 313.00 | 367.00 | OK | |
r-oldrel-macos-arm64 | 1.0.4 | 131.00 | OK | |||
r-oldrel-macos-x86_64 | 1.0.4 | 270.00 | OK | |||
r-oldrel-windows-x86_64 | 1.0.4 | 70.00 | 425.00 | 495.00 | OK |
Version: 1.0.4
Check: HTML version of manual
Result: NOTE
Found the following HTML validation problems:
getBIC.html:52:1 (getBIC.Rd:16): Warning: missing </ul> before </div>
getClsid.html:46:1 (getClsid.Rd:10): Warning: missing </ul> before </div>
getClustParam.html:46:1 (getClustParam.Rd:10): Warning: missing </ul> before </div>
getDiagCov.html:47:1 (getDiagCov.Rd:10): Warning: missing </ul> before </div>
getHmmChain.html:46:1 (getHmmChain.Rd:10): Warning: missing </ul> before </div>
getHmmParam.html:47:1 (getHmmParam.Rd:10): Warning: missing </ul> before </div>
getLoglikehd.html:55:1 (getLoglikehd.Rd:19): Warning: missing </ul> before </div>
getOptHMMVB.html:46:1 (getOptHMMVB.Rd:10): Warning: missing </ul> before </div>
getPrenumst.html:46:1 (getPrenumst.Rd:10): Warning: missing </ul> before </div>
getSize.html:46:1 (getSize.Rd:10): Warning: missing </ul> before </div>
getVb.html:46:1 (getVb.Rd:10): Warning: missing </ul> before </div>
Flavors: r-devel-linux-x86_64-debian-clang, r-devel-linux-x86_64-debian-gcc