Last updated on 2025-10-25 06:49:42 CEST.
| Flavor | Version | Tinstall | Tcheck | Ttotal | Status | Flags |
|---|---|---|---|---|---|---|
| r-devel-linux-x86_64-debian-clang | 2.7.4 | 13.70 | 130.44 | 144.14 | NOTE | |
| r-devel-linux-x86_64-debian-gcc | 2.7.4 | 8.59 | 92.55 | 101.14 | NOTE | |
| r-devel-linux-x86_64-fedora-clang | 2.7.4 | 40.00 | 185.19 | 225.19 | NOTE | |
| r-devel-linux-x86_64-fedora-gcc | 2.7.4 | 60.00 | 171.42 | 231.42 | NOTE | |
| r-devel-windows-x86_64 | 2.7.4 | 16.00 | 152.00 | 168.00 | NOTE | |
| r-patched-linux-x86_64 | 2.7.4 | 13.97 | 124.54 | 138.51 | NOTE | |
| r-release-linux-x86_64 | 2.7.4 | 11.14 | 122.91 | 134.05 | NOTE | |
| r-release-macos-arm64 | 2.7.4 | 6.00 | 51.00 | 57.00 | NOTE | |
| r-release-macos-x86_64 | 2.7.4 | 13.00 | 95.00 | 108.00 | NOTE | |
| r-release-windows-x86_64 | 2.7.4 | 18.00 | 155.00 | 173.00 | NOTE | |
| r-oldrel-macos-arm64 | 2.7.4 | 6.00 | 48.00 | 54.00 | NOTE | |
| r-oldrel-macos-x86_64 | 2.7.4 | 17.00 | 131.00 | 148.00 | NOTE | |
| r-oldrel-windows-x86_64 | 2.7.4 | 22.00 | 197.00 | 219.00 | NOTE |
Version: 2.7.4
Check: CRAN incoming feasibility
Result: NOTE
Maintainer: ‘Marco Notaro <marco.notaro@unimi.it>’
Package CITATION file contains call(s) to old-style citEntry(). Please
use bibentry() instead.
Flavors: r-devel-linux-x86_64-debian-clang, r-devel-linux-x86_64-debian-gcc
Version: 2.7.4
Check: C++ specification
Result: NOTE
Specified C++11: please drop specification unless essential
Flavors: r-devel-linux-x86_64-debian-clang, r-devel-linux-x86_64-debian-gcc, r-devel-linux-x86_64-fedora-clang, r-devel-linux-x86_64-fedora-gcc, r-devel-windows-x86_64, r-patched-linux-x86_64, r-release-linux-x86_64, r-release-macos-arm64, r-release-macos-x86_64, r-release-windows-x86_64, r-oldrel-macos-arm64, r-oldrel-macos-x86_64, r-oldrel-windows-x86_64