Last updated on 2024-05-26 21:49:18 CEST.
Flavor | Version | Tinstall | Tcheck | Ttotal | Status | Flags |
---|---|---|---|---|---|---|
r-devel-linux-x86_64-debian-clang | 1.4 | 4.18 | 32.84 | 37.02 | NOTE | |
r-devel-linux-x86_64-debian-gcc | 1.4 | 2.99 | 25.00 | 27.99 | NOTE | |
r-devel-linux-x86_64-fedora-clang | 1.4 | 47.83 | NOTE | |||
r-devel-linux-x86_64-fedora-gcc | 1.4 | 42.36 | NOTE | |||
r-devel-windows-x86_64 | 1.4 | 4.00 | 44.00 | 48.00 | NOTE | |
r-patched-linux-x86_64 | 1.4 | 3.49 | 31.29 | 34.78 | NOTE | |
r-release-linux-x86_64 | 1.4 | 3.97 | 31.51 | 35.48 | NOTE | |
r-release-macos-arm64 | 1.4 | 18.00 | NOTE | |||
r-release-windows-x86_64 | 1.4 | 4.00 | 45.00 | 49.00 | NOTE | |
r-oldrel-macos-arm64 | 1.4 | 20.00 | NOTE | |||
r-oldrel-macos-x86_64 | 1.4 | 26.00 | NOTE | |||
r-oldrel-windows-x86_64 | 1.4 | 5.00 | 47.00 | 52.00 | NOTE |
Version: 1.4
Check: LazyData
Result: NOTE
'LazyData' is specified without a 'data' directory
Flavors: r-devel-linux-x86_64-debian-clang, r-devel-linux-x86_64-debian-gcc, r-devel-linux-x86_64-fedora-clang, r-devel-linux-x86_64-fedora-gcc, r-devel-windows-x86_64, r-patched-linux-x86_64, r-release-linux-x86_64, r-release-macos-arm64, r-release-windows-x86_64, r-oldrel-macos-arm64, r-oldrel-macos-x86_64, r-oldrel-windows-x86_64