CRAN Package Check Results for Package IAT

Last updated on 2025-10-22 05:51:13 CEST.

Flavor Version Tinstall Tcheck Ttotal Status Flags
r-devel-linux-x86_64-debian-clang 0.3 6.22 55.25 61.47 NOTE
r-devel-linux-x86_64-debian-gcc 0.3 3.96 40.60 44.56 NOTE
r-devel-linux-x86_64-fedora-clang 0.3 15.00 76.45 91.45 NOTE
r-devel-linux-x86_64-fedora-gcc 0.3 14.00 70.46 84.46 NOTE
r-devel-windows-x86_64 0.3 7.00 68.00 75.00 NOTE
r-patched-linux-x86_64 0.3 6.35 50.41 56.76 NOTE
r-release-linux-x86_64 0.3 5.31 50.19 55.50 NOTE
r-release-macos-arm64 0.3 3.00 27.00 30.00 NOTE
r-release-macos-x86_64 0.3 6.00 51.00 57.00 NOTE
r-release-windows-x86_64 0.3 8.00 70.00 78.00 NOTE
r-oldrel-macos-arm64 0.3 2.00 23.00 25.00 NOTE
r-oldrel-macos-x86_64 0.3 6.00 40.00 46.00 NOTE
r-oldrel-windows-x86_64 0.3 9.00 84.00 93.00 NOTE

Check Details

Version: 0.3
Check: CRAN incoming feasibility
Result: NOTE Maintainer: ‘Dan Martin <dpmartin42@gmail.com>’ No Authors@R field in DESCRIPTION. Please add one, modifying Authors@R: person(given = "Dan", family = "Martin", role = c("aut", "cre"), email = "dpmartin42@gmail.com") as necessary. Flavors: r-devel-linux-x86_64-debian-clang, r-devel-linux-x86_64-debian-gcc

Version: 0.3
Check: Rd files
Result: NOTE checkRd: (-1) IATData.Rd:24: Lost braces; missing escapes or markup? 24 | Dan Martin {dpmartin42@gmail.com} | ^ Flavors: r-devel-linux-x86_64-debian-clang, r-devel-linux-x86_64-debian-gcc, r-devel-linux-x86_64-fedora-clang, r-devel-linux-x86_64-fedora-gcc, r-devel-windows-x86_64, r-patched-linux-x86_64, r-release-linux-x86_64, r-release-macos-arm64, r-release-macos-x86_64, r-release-windows-x86_64, r-oldrel-macos-arm64, r-oldrel-macos-x86_64, r-oldrel-windows-x86_64

Version: 0.3
Check: HTML version of manual
Result: NOTE Found the following HTML validation problems: plotIIV.html:71:1 (plotIIV.Rd:23): Warning: missing </ul> before </div> plotIndVar.html:69:1 (plotIndVar.Rd:21): Warning: missing </ul> before </div> plotItemErr.html:59:1 (plotItemErr.Rd:16): Warning: missing </ul> before </div> plotItemVar.html:69:1 (plotItemVar.Rd:21): Warning: missing </ul> before </div> Flavors: r-devel-linux-x86_64-debian-clang, r-devel-linux-x86_64-debian-gcc