Last updated on 2025-10-21 11:53:26 CEST.
Flavor | Version | Tinstall | Tcheck | Ttotal | Status | Flags |
---|---|---|---|---|---|---|
r-devel-linux-x86_64-debian-clang | 1.1.0 | 19.18 | 143.09 | 162.27 | NOTE | |
r-devel-linux-x86_64-debian-gcc | 1.1.0 | 13.38 | 104.71 | 118.09 | NOTE | |
r-devel-linux-x86_64-fedora-clang | 1.1.0 | 224.48 | OK | |||
r-devel-linux-x86_64-fedora-gcc | 1.1.0 | 39.00 | 189.40 | 228.40 | OK | |
r-devel-windows-x86_64 | 1.1.0 | 24.00 | 193.00 | 217.00 | OK | |
r-patched-linux-x86_64 | 1.1.0 | 18.95 | 135.23 | 154.18 | OK | |
r-release-linux-x86_64 | 1.1.0 | 20.48 | 135.18 | 155.66 | OK | |
r-release-macos-arm64 | 1.1.0 | 72.00 | OK | |||
r-release-macos-x86_64 | 1.1.0 | 16.00 | 117.00 | 133.00 | OK | |
r-release-windows-x86_64 | 1.1.0 | 28.00 | 196.00 | 224.00 | OK | |
r-oldrel-macos-arm64 | 1.1.0 | 83.00 | NOTE | |||
r-oldrel-macos-x86_64 | 1.1.0 | 118.00 | NOTE | |||
r-oldrel-windows-x86_64 | 1.1.0 | 31.00 | 220.00 | 251.00 | OK |
Version: 1.1.0
Check: HTML version of manual
Result: NOTE
Found the following HTML validation problems:
add_characteristic.html:54:1 (add_characteristic.Rd:14): Warning: missing </ul> before </div>
add_characteristic.population.html:55:1 (add_characteristic.population.Rd:14): Warning: missing </ul> before </div>
age_pyramids.html:54:1 (age_pyramids.Rd:14): Warning: missing </ul> before </div>
check_intensity_code.html:46:1 (check_intensity_code.Rd:10): Warning: missing </ul> before </div>
check_interaction_code.html:46:1 (check_interaction_code.Rd:10): Warning: missing </ul> before </div>
check_kernel_code.html:46:1 (check_kernel_code.Rd:10): Warning: missing </ul> before </div>
compatibility_chars_events.html:50:1 (compatibility_chars_events.Rd:12): Warning: missing </ul> before </div>
compatibility_pop_model.html:50:1 (compatibility_pop_model.Rd:12): Warning: missing </ul> before </div>
get_characteristics.html:50:1 (get_characteristics.Rd:12): Warning: missing </ul> before </div>
id_complete.html:47:1 (id_complete.Rd:10): Warning: missing </ul> before </div>
print.event.html:51:1 (print.event.Rd:12): Warning: missing </ul> before </div>
print.model.html:51:1 (print.model.Rd:12): Warning: missing </ul> before </div>
summary.event.html:51:1 (summary.event.Rd:12): Warning: missing </ul> before </div>
summary.model.html:51:1 (summary.model.Rd:12): Warning: missing </ul> before </div>
Flavors: r-devel-linux-x86_64-debian-clang, r-devel-linux-x86_64-debian-gcc
Version: 1.1.0
Check: installed package size
Result: NOTE
installed size is 5.2Mb
sub-directories of 1Mb or more:
data 2.1Mb
doc 1.7Mb
libs 1.0Mb
Flavors: r-oldrel-macos-arm64, r-oldrel-macos-x86_64