CRAN Package Check Results for Package ICGOR

Last updated on 2025-10-22 05:51:13 CEST.

Flavor Version Tinstall Tcheck Ttotal Status Flags
r-devel-linux-x86_64-debian-clang 2.0 6.48 60.13 66.61 NOTE
r-devel-linux-x86_64-debian-gcc 2.0 5.49 45.42 50.91 NOTE
r-devel-linux-x86_64-fedora-clang 2.0 17.00 82.45 99.45 OK
r-devel-linux-x86_64-fedora-gcc 2.0 14.00 85.87 99.87 OK
r-devel-windows-x86_64 2.0 7.00 72.00 79.00 OK
r-patched-linux-x86_64 2.0 7.28 58.40 65.68 OK
r-release-linux-x86_64 2.0 6.51 58.39 64.90 OK
r-release-macos-arm64 2.0 3.00 30.00 33.00 OK
r-release-macos-x86_64 2.0 6.00 67.00 73.00 OK
r-release-windows-x86_64 2.0 9.00 76.00 85.00 OK
r-oldrel-macos-arm64 2.0 3.00 29.00 32.00 OK
r-oldrel-macos-x86_64 2.0 5.00 54.00 59.00 OK
r-oldrel-windows-x86_64 2.0 11.00 85.00 96.00 OK

Check Details

Version: 2.0
Check: CRAN incoming feasibility
Result: NOTE Maintainer: ‘Jie Zhou <zhoujie02569@gmail.com>’ No Authors@R field in DESCRIPTION. Please add one, modifying Authors@R: c(person(given = "Jie", family = "Zhou", role = c("aut", "cre"), email = "zhoujie02569@gmail.com"), person(given = "Jiajia", family = "Zhang", role = "aut"), person(given = "Wenbin", family = "Lu", role = "aut")) as necessary. Found the following \keyword or \concept entries which likely give several index terms: File ‘ICGOR-package.Rd’: \keyword{ package, generalized odds rate hazards m [TRUNCATED] Flavors: r-devel-linux-x86_64-debian-clang, r-devel-linux-x86_64-debian-gcc

Version: 2.0
Check: HTML version of manual
Result: NOTE Found the following HTML validation problems: plot.predict.GORH.html:57:1 (plot.predict.GORH.Rd:18): Warning: missing </ul> before </div> summary.GORH.html:57:1 (summary.GORH.Rd:18): Warning: missing </ul> before </div> Flavors: r-devel-linux-x86_64-debian-clang, r-devel-linux-x86_64-debian-gcc