Last updated on 2025-10-24 18:49:58 CEST.
| Flavor | Version | Tinstall | Tcheck | Ttotal | Status | Flags |
|---|---|---|---|---|---|---|
| r-devel-linux-x86_64-debian-clang | 0.1.0 | 15.57 | 125.25 | 140.82 | OK | |
| r-devel-linux-x86_64-debian-gcc | 0.1.0 | 10.89 | 92.54 | 103.43 | OK | |
| r-devel-linux-x86_64-fedora-clang | 0.1.0 | 38.00 | 180.72 | 218.72 | OK | |
| r-devel-linux-x86_64-fedora-gcc | 0.1.0 | 33.00 | 189.28 | 222.28 | OK | |
| r-devel-windows-x86_64 | 0.1.0 | 17.00 | 126.00 | 143.00 | OK | |
| r-patched-linux-x86_64 | 0.1.0 | 16.40 | 118.92 | 135.32 | OK | |
| r-release-linux-x86_64 | 0.1.0 | 15.53 | 119.95 | 135.48 | OK | |
| r-release-macos-arm64 | 0.1.0 | 7.00 | 64.00 | 71.00 | OK | |
| r-release-macos-x86_64 | 0.1.0 | 14.00 | 111.00 | 125.00 | OK | |
| r-release-windows-x86_64 | 0.1.0 | 18.00 | 126.00 | 144.00 | OK | |
| r-oldrel-macos-arm64 | 0.1.0 | 7.00 | 57.00 | 64.00 | NOTE | |
| r-oldrel-macos-x86_64 | 0.1.0 | 11.00 | 82.00 | 93.00 | NOTE | |
| r-oldrel-windows-x86_64 | 0.1.0 | 24.00 | 163.00 | 187.00 | OK |
Version: 0.1.0
Check: installed package size
Result: NOTE
installed size is 5.2Mb
sub-directories of 1Mb or more:
data 5.0Mb
Flavors: r-oldrel-macos-arm64, r-oldrel-macos-x86_64