Last updated on 2025-10-21 17:49:50 CEST.
Flavor | Version | Tinstall | Tcheck | Ttotal | Status | Flags |
---|---|---|---|---|---|---|
r-devel-linux-x86_64-debian-clang | 2.0 | 9.50 | 45.35 | 54.85 | NOTE | |
r-devel-linux-x86_64-debian-gcc | 2.0 | 6.04 | 32.89 | 38.93 | NOTE | |
r-devel-linux-x86_64-fedora-clang | 2.0 | 20.00 | 62.33 | 82.33 | OK | |
r-devel-linux-x86_64-fedora-gcc | 2.0 | 17.00 | 56.91 | 73.91 | OK | |
r-devel-windows-x86_64 | 2.0 | 9.00 | 60.00 | 69.00 | OK | |
r-patched-linux-x86_64 | 2.0 | 8.20 | 42.54 | 50.74 | OK | |
r-release-linux-x86_64 | 2.0 | 8.10 | 42.91 | 51.01 | OK | |
r-release-macos-arm64 | 2.0 | 4.00 | 21.00 | 25.00 | OK | |
r-release-macos-x86_64 | 2.0 | 8.00 | 38.00 | 46.00 | OK | |
r-release-windows-x86_64 | 2.0 | 9.00 | 61.00 | 70.00 | OK | |
r-oldrel-macos-arm64 | 2.0 | 4.00 | 22.00 | 26.00 | OK | |
r-oldrel-macos-x86_64 | 2.0 | 6.00 | 31.00 | 37.00 | OK | |
r-oldrel-windows-x86_64 | 2.0 | 13.00 | 72.00 | 85.00 | OK |
Version: 2.0
Check: HTML version of manual
Result: NOTE
Found the following HTML validation problems:
UFA_enumerated_chemical_space.html:50:1 (UFA_enumerated_chemical_space.Rd:15): Warning: missing </ul> before </div>
UFA_enumerated_chemical_space_xlsxAnalyzer.html:50:1 (UFA_enumerated_chemical_space_xlsxAnalyzer.Rd:15): Warning: missing </ul> before </div>
UFA_score_coefficients_corrector.html:69:1 (UFA_score_coefficients_corrector.Rd:25): Warning: missing </ul> before </div>
UFA_score_function_optimization.html:50:1 (UFA_score_function_optimization.Rd:15): Warning: missing </ul> before </div>
aligned_molecular_formula_annotator.html:50:1 (aligned_molecular_formula_annotator.Rd:15): Warning: missing </ul> before </div>
identificationScoreCalculator.html:87:1 (identificationScoreCalculator.Rd:34): Warning: missing </ul> before </div>
molecular_formula_library_search.html:69:1 (molecular_formula_library_search.Rd:25): Warning: missing </ul> before </div>
scoreCoefficientsEvaluation.html:50:1 (scoreCoefficientsEvaluation.Rd:15): Warning: missing </ul> before </div>
scoreCoefficientsOptimization.html:50:1 (scoreCoefficientsOptimization.Rd:15): Warning: missing </ul> before </div>
scoreCoefficientsReplicate.html:50:1 (scoreCoefficientsReplicate.Rd:15): Warning: missing </ul> before </div>
Flavors: r-devel-linux-x86_64-debian-clang, r-devel-linux-x86_64-debian-gcc