Last updated on 2025-10-21 17:49:50 CEST.
Flavor | Version | Tinstall | Tcheck | Ttotal | Status | Flags |
---|---|---|---|---|---|---|
r-devel-linux-x86_64-debian-clang | 0.2.1 | 56.11 | 140.67 | 196.78 | NOTE | |
r-devel-linux-x86_64-debian-gcc | 0.2.1 | 41.96 | 89.43 | 131.39 | NOTE | |
r-devel-linux-x86_64-fedora-clang | 0.2.1 | 130.00 | 169.23 | 299.23 | OK | |
r-devel-linux-x86_64-fedora-gcc | 0.2.1 | 128.00 | 172.21 | 300.21 | OK | |
r-devel-windows-x86_64 | 0.2.1 | 68.00 | 176.00 | 244.00 | OK | |
r-patched-linux-x86_64 | 0.2.1 | 60.26 | 132.20 | 192.46 | OK | |
r-release-linux-x86_64 | 0.2.1 | 60.46 | 130.80 | 191.26 | OK | |
r-release-macos-arm64 | 0.2.1 | 28.00 | 51.00 | 79.00 | OK | |
r-release-macos-x86_64 | 0.2.1 | 42.00 | 94.00 | 136.00 | OK | |
r-release-windows-x86_64 | 0.2.1 | 72.00 | 183.00 | 255.00 | OK | |
r-oldrel-macos-arm64 | 0.2.1 | 22.00 | 44.00 | 66.00 | NOTE | |
r-oldrel-macos-x86_64 | 0.2.1 | 33.00 | 73.00 | 106.00 | NOTE | |
r-oldrel-windows-x86_64 | 0.2.1 | 81.00 | 220.00 | 301.00 | NOTE |
Version: 0.2.1
Check: HTML version of manual
Result: NOTE
Found the following HTML validation problems:
FCS_check_keywords.html:73:1 (FCS_check_keywords.Rd:27): Warning: missing </ul> before </div>
adjustGraph.html:61:1 (adjustGraph.Rd:19): Warning: missing </ul> before </div>
base_axis_constr.html:54:1 (base_axis_constr.Rd:14): Warning: missing </ul> before </div>
base_hist_constr.html:92:1 (base_hist_constr.Rd:40): Warning: missing </ul> before </div>
checkColor.html:46:1 (checkColor.Rd:10): Warning: missing </ul> before </div>
checksumDAF.html:56:1 (checksumDAF.Rd:15): Warning: missing </ul> before </div>
checksumXIF.html:51:1 (checksumXIF.Rd:12): Warning: missing </ul> before </div>
cpp_assert.html:57:1 (cpp_assert.Rd:16): Warning: missing </ul> before </div>
cpp_computeGamma.html:40:1 (cpp_computeGamma.Rd:7): Warning: missing </ul> before </div>
cpp_ell_coord.html:44:1 (cpp_ell_coord.Rd:9): Warning: missing </ul> before </div>
cpp_fast_sample.html:48:1 (cpp_fast_sample.Rd:11): Warning: missing </ul> before </div>
cpp_get_bytes_order.html:52:1 (cpp_get_bytes_order.Rd:13): Warning: missing </ul> before </div>
cpp_int32_to_uint32.html:40:1 (cpp_int32_to_uint32.Rd:7): Warning: missing </ul> before </div>
cpp_int64_to_uint64.html:40:1 (cpp_int64_to_uint64.Rd:7): Warning: missing </ul> before </div>
cpp_inv_smoothLinLog.html:54:1 (cpp_inv_smoothLinLog.Rd:13): Warning: missing </ul> before </div>
cpp_mark.html:62:1 (cpp_mark.Rd:19): Warning: missing </ul> before </div>
cpp_mask.html:49:1 (cpp_mask.Rd:11): Warning: missing </ul> before </div>
cpp_normalize.html:57:1 (cpp_normalize.Rd:16): Warning: missing </ul> before </div>
cpp_offset_to_raw.html:44:1 (cpp_offset_to_raw.Rd:9): Warning: missing </ul> before </div>
cpp_pnt_in_gate.html:55:1 (cpp_pnt_in_gate.Rd:16): Warning: missing </ul> before </div>
cpp_raw_to_offset.html:44:1 (cpp_raw_to_offset.Rd:9): Warning: missing </ul> before </div>
cpp_replace_non_finite.html:44:1 (cpp_replace_non_finite.Rd:9): Warning: missing </ul> before </div>
cpp_smoothLinLog.html:54:1 (cpp_smoothLinLog.Rd:13): Warning: missing </ul> before </div>
cpp_uint32_to_int32.html:40:1 (cpp_uint32_to_int32.Rd:7): Warning: missing </ul> before </div>
cpp_uint32_to_raw.html:40:1 (cpp_uint32_to_raw.Rd:7): Warning: missing </ul> before </div>
cpp_uint64_to_int64.html:40:1 (cpp_uint64_to_int64.Rd:7): Warning: missing </ul> before </div>
cpp_v_int32_to_uint32.html:40:1 (cpp_v_int32_to_uint32.Rd:7): Warning: missing </ul> before </div>
cpp_v_int64_to_uint64.html:40:1 (cpp_v_int64_to_uint64.Rd:7): Warning: missing </ul> before </div>
cpp_writeBMP.html:40:1 (cpp_writeBMP.Rd:7): Warning: missing </ul> before </div>
endPB.html:46:1 (endPB.Rd:10): Warning: missing </ul> before </div>
expand_list.html:50:1 (expand_list.Rd:12): Warning: missing </ul> before </div>
fetch_seed.html:46:1 (fetch_seed.Rd:10): Warning: missing </ul> before </div>
formatn.html:58:1 (formatn.Rd:16): Warning: missing </ul> before </div>
getLuminance.html:46:1 (getLuminance.Rd:10): Warning: missing </ul> before </div>
modifyGamma.html:50:1 (modifyGamma.Rd:12): Warning: missing </ul> before </div>
objectWrite.html:54:1 (objectWrite.Rd:14): Warning: missing </ul> before </div>
plot_base.html:46:1 (plot_base.Rd:10): Warning: missing </ul> before </div>
plot_lattice.html:46:1 (plot_lattice.Rd:10): Warning: missing </ul> before </div>
plot_raster.html:51:1 (plot_raster.Rd:13): Warning: missing </ul> before </div>
plot_stats.html:46:1 (plot_stats.Rd:10): Warning: missing </ul> before </div>
popsGetAffiliation.html:46:1 (popsGetAffiliation.Rd:10): Warning: missing </ul> before </div>
popsGetLevels.html:46:1 (popsGetLevels.Rd:10): Warning: missing </ul> before </div>
popsOrderNodes.html:46:1 (popsOrderNodes.Rd:10): Warning: missing </ul> before </div>
protectn.html:46:1 (protectn.Rd:10): Warning: missing </ul> before </div>
readFCSdata.html:78:1 (readFCSdata.Rd:30): Warning: missing </ul> before </div>
readFCSdelimiter.html:62:1 (readFCSdelimiter.Rd:18): Warning: missing </ul> before </div>
readFCSheader.html:64:1 (readFCSheader.Rd:22): Warning: missing </ul> before </div>
readFCStext.html:83:1 (readFCStext.Rd:33): Warning: missing </ul> before </div>
rev_string.html:46:1 (rev_string.Rd:10): Warning: missing </ul> before </div>
setPB.html:54:1 (setPB.Rd:14): Warning: missing </ul> before </div>
specialr.html:58:1 (specialr.Rd:18): Warning: missing </ul> before </div>
splitn.html:78:1 (splitn.Rd:30): Warning: missing </ul> before </div>
toCapFirstOnly.html:46:1 (toCapFirstOnly.Rd:10): Warning: missing </ul> before </div>
toEllipse.html:54:1 (toEllipse.Rd:14): Warning: missing </ul> before </div>
Flavors: r-devel-linux-x86_64-debian-clang, r-devel-linux-x86_64-debian-gcc
Version: 0.2.1
Check: package dependencies
Result: NOTE
Package suggested but not available for checking: ‘IFCdata’
Flavors: r-oldrel-macos-arm64, r-oldrel-macos-x86_64, r-oldrel-windows-x86_64
Version: 0.2.1
Check: installed package size
Result: NOTE
installed size is 7.4Mb
sub-directories of 1Mb or more:
R 2.0Mb
libs 4.6Mb
Flavors: r-oldrel-macos-arm64, r-oldrel-macos-x86_64