CRAN Package Check Results for Package IHSEP

Last updated on 2025-10-21 23:50:57 CEST.

Flavor Version Tinstall Tcheck Ttotal Status Flags
r-devel-linux-x86_64-debian-clang 0.3.1 18.94 29.58 48.52 NOTE
r-devel-linux-x86_64-debian-gcc 0.3.1 11.78 22.90 34.68 NOTE
r-devel-linux-x86_64-fedora-clang 0.3.1 46.00 34.72 80.72 NOTE
r-devel-linux-x86_64-fedora-gcc 0.3.1 39.00 34.81 73.81 NOTE
r-devel-windows-x86_64 0.3.1 24.00 63.00 87.00 NOTE
r-patched-linux-x86_64 0.3.1 18.69 28.00 46.69 NOTE
r-release-linux-x86_64 0.3.1 16.74 27.91 44.65 NOTE
r-release-macos-arm64 0.3.1 8.00 19.00 27.00 NOTE
r-release-macos-x86_64 0.3.1 9.00 27.00 36.00 NOTE
r-release-windows-x86_64 0.3.1 23.00 69.00 92.00 NOTE
r-oldrel-macos-arm64 0.3.1 9.00 18.00 27.00 NOTE
r-oldrel-macos-x86_64 0.3.1 9.00 23.00 32.00 NOTE
r-oldrel-windows-x86_64 0.3.1 21.00 73.00 94.00 NOTE

Check Details

Version: 0.3.1
Check: CRAN incoming feasibility
Result: NOTE Maintainer: ‘Feng Chen <feng.chen@unsw.edu.au>’ No Authors@R field in DESCRIPTION. Please add one, modifying Authors@R: person(given = "Feng", family = "Chen", role = c("aut", "cre"), email = "feng.chen@unsw.edu.au") as necessary. Package CITATION file contains call(s) to old-style citEntry(). Please use bibentry() instead. Flavors: r-devel-linux-x86_64-debian-clang, r-devel-linux-x86_64-debian-gcc

Version: 0.3.1
Check: Rd files
Result: NOTE checkRd: (-1) simHawkes1a.Rd:35: Lost braces; missing escapes or markup? 35 | distribution; 'd${dis}' gives the density function \eqn{g(\cdot)}.} | ^ Flavors: r-devel-linux-x86_64-debian-clang, r-devel-linux-x86_64-debian-gcc, r-devel-linux-x86_64-fedora-clang, r-devel-linux-x86_64-fedora-gcc, r-devel-windows-x86_64, r-patched-linux-x86_64, r-release-linux-x86_64, r-release-macos-arm64, r-release-macos-x86_64, r-release-windows-x86_64, r-oldrel-macos-arm64, r-oldrel-macos-x86_64, r-oldrel-windows-x86_64