Last updated on 2025-10-21 11:53:27 CEST.
Flavor | Version | Tinstall | Tcheck | Ttotal | Status | Flags |
---|---|---|---|---|---|---|
r-devel-linux-x86_64-debian-clang | 1.0.0 | 8.40 | 88.87 | 97.27 | NOTE | |
r-devel-linux-x86_64-debian-gcc | 1.0.0 | 5.66 | 62.58 | 68.24 | NOTE | |
r-devel-linux-x86_64-fedora-clang | 1.0.0 | 141.74 | OK | |||
r-devel-linux-x86_64-fedora-gcc | 1.0.0 | 15.00 | 132.41 | 147.41 | OK | |
r-devel-windows-x86_64 | 1.0.0 | 10.00 | 88.00 | 98.00 | OK | |
r-patched-linux-x86_64 | 1.0.0 | 8.48 | 83.59 | 92.07 | OK | |
r-release-linux-x86_64 | 1.0.0 | 8.00 | 84.19 | 92.19 | OK | |
r-release-macos-arm64 | 1.0.0 | 57.00 | OK | |||
r-release-macos-x86_64 | 1.0.0 | 8.00 | 68.00 | 76.00 | OK | |
r-release-windows-x86_64 | 1.0.0 | 10.00 | 89.00 | 99.00 | OK | |
r-oldrel-macos-arm64 | 1.0.0 | 44.00 | OK | |||
r-oldrel-macos-x86_64 | 1.0.0 | 69.00 | OK | |||
r-oldrel-windows-x86_64 | 1.0.0 | 12.00 | 110.00 | 122.00 | OK |
Version: 1.0.0
Check: HTML version of manual
Result: NOTE
Found the following HTML validation problems:
ipv_long_to_wide.html:55:1 (ipv_long_to_wide.Rd:14): Warning: missing </ul> before </div>
Flavors: r-devel-linux-x86_64-debian-clang, r-devel-linux-x86_64-debian-gcc