Last updated on 2025-10-21 17:49:51 CEST.
Flavor | Version | Tinstall | Tcheck | Ttotal | Status | Flags |
---|---|---|---|---|---|---|
r-devel-linux-x86_64-debian-clang | 1.3.2 | 5.66 | 42.06 | 47.72 | NOTE | |
r-devel-linux-x86_64-debian-gcc | 1.3.2 | 4.15 | 31.25 | 35.40 | NOTE | |
r-devel-linux-x86_64-fedora-clang | 1.3.2 | 12.00 | 56.63 | 68.63 | OK | |
r-devel-linux-x86_64-fedora-gcc | 1.3.2 | 10.00 | 53.74 | 63.74 | OK | |
r-devel-windows-x86_64 | 1.3.2 | 7.00 | 53.00 | 60.00 | OK | |
r-patched-linux-x86_64 | 1.3.2 | 4.38 | 38.09 | 42.47 | OK | |
r-release-linux-x86_64 | 1.3.2 | 5.47 | 37.58 | 43.05 | OK | |
r-release-macos-arm64 | 1.3.2 | 4.00 | 24.00 | 28.00 | OK | |
r-release-macos-x86_64 | 1.3.2 | 5.00 | 47.00 | 52.00 | OK | |
r-release-windows-x86_64 | 1.3.2 | 8.00 | 55.00 | 63.00 | OK | |
r-oldrel-macos-arm64 | 1.3.2 | 2.00 | 20.00 | 22.00 | OK | |
r-oldrel-macos-x86_64 | 1.3.2 | 4.00 | 30.00 | 34.00 | OK | |
r-oldrel-windows-x86_64 | 1.3.2 | 9.00 | 66.00 | 75.00 | OK |
Version: 1.3.2
Check: HTML version of manual
Result: NOTE
Found the following HTML validation problems:
log.html:52:1 (log.Rd:17): Warning: missing </ul> before </div>
main.html:46:1 (main.Rd:10): Warning: missing </ul> before </div>
Flavors: r-devel-linux-x86_64-debian-clang, r-devel-linux-x86_64-debian-gcc