CRAN Package Check Results for Package ISS

Last updated on 2025-10-21 17:49:51 CEST.

Flavor Version Tinstall Tcheck Ttotal Status Flags
r-devel-linux-x86_64-debian-clang 1.0.0 2.32 24.74 27.06 NOTE
r-devel-linux-x86_64-debian-gcc 1.0.0 1.48 19.52 21.00 NOTE
r-devel-linux-x86_64-fedora-clang 1.0.0 37.39 OK
r-devel-linux-x86_64-fedora-gcc 1.0.0 37.12 OK
r-devel-windows-x86_64 1.0.0 3.00 44.00 47.00 OK
r-patched-linux-x86_64 1.0.0 2.34 23.21 25.55 OK
r-release-linux-x86_64 1.0.0 2.46 23.28 25.74 OK
r-release-macos-arm64 1.0.0 2.00 17.00 19.00 OK
r-release-macos-x86_64 1.0.0 2.00 24.00 26.00 OK
r-release-windows-x86_64 1.0.0 3.00 47.00 50.00 OK
r-oldrel-macos-arm64 1.0.0 2.00 16.00 18.00 OK
r-oldrel-macos-x86_64 1.0.0 2.00 22.00 24.00 OK
r-oldrel-windows-x86_64 1.0.0 4.00 48.00 52.00 OK

Check Details

Version: 1.0.0
Check: CRAN incoming feasibility
Result: NOTE Maintainer: ‘Manuel M. Müller <mm2559@cam.ac.uk>’ The Description field contains Reeve, Cannings and Samworth (2023) <arXiv:2305.04852v2>. Please refer to arXiv e-prints via their arXiv DOI <doi:10.48550/arXiv.YYMM.NNNNN>. Flavors: r-devel-linux-x86_64-debian-clang, r-devel-linux-x86_64-debian-gcc