Last updated on 2025-10-21 11:53:26 CEST.
Flavor | Version | Tinstall | Tcheck | Ttotal | Status | Flags |
---|---|---|---|---|---|---|
r-devel-linux-x86_64-debian-clang | 0.1.0 | 1.99 | 24.30 | 26.29 | NOTE | |
r-devel-linux-x86_64-debian-gcc | 0.1.0 | 1.57 | 19.43 | 21.00 | NOTE | |
r-devel-linux-x86_64-fedora-clang | 0.1.0 | 38.04 | OK | |||
r-devel-linux-x86_64-fedora-gcc | 0.1.0 | 35.74 | OK | |||
r-devel-windows-x86_64 | 0.1.0 | 3.00 | 48.00 | 51.00 | OK | |
r-patched-linux-x86_64 | 0.1.0 | 1.85 | 23.18 | 25.03 | OK | |
r-release-linux-x86_64 | 0.1.0 | 1.90 | 23.04 | 24.94 | OK | |
r-release-macos-arm64 | 0.1.0 | 17.00 | OK | |||
r-release-macos-x86_64 | 0.1.0 | 2.00 | 27.00 | 29.00 | OK | |
r-release-windows-x86_64 | 0.1.0 | 5.00 | 49.00 | 54.00 | OK | |
r-oldrel-macos-arm64 | 0.1.0 | 16.00 | OK | |||
r-oldrel-macos-x86_64 | 0.1.0 | 27.00 | OK | |||
r-oldrel-windows-x86_64 | 0.1.0 | 4.00 | 53.00 | 57.00 | OK |
Version: 0.1.0
Check: HTML version of manual
Result: NOTE
Found the following HTML validation problems:
vol.mat.html:58:1 (vol.mat.Rd:17): Warning: missing </ul> before </div>
Flavors: r-devel-linux-x86_64-debian-clang, r-devel-linux-x86_64-debian-gcc