Last updated on 2025-10-24 18:49:58 CEST.
| Flavor | Version | Tinstall | Tcheck | Ttotal | Status | Flags |
|---|---|---|---|---|---|---|
| r-devel-linux-x86_64-debian-clang | 1.6 | 13.27 | 106.36 | 119.63 | OK | |
| r-devel-linux-x86_64-debian-gcc | 1.6 | 9.72 | 77.76 | 87.48 | OK | |
| r-devel-linux-x86_64-fedora-clang | 1.6 | 29.00 | 156.84 | 185.84 | NOTE | |
| r-devel-linux-x86_64-fedora-gcc | 1.6 | 27.00 | 158.54 | 185.54 | NOTE | |
| r-devel-windows-x86_64 | 1.6 | 13.00 | 101.00 | 114.00 | OK | |
| r-patched-linux-x86_64 | 1.6 | 11.36 | 100.03 | 111.39 | OK | |
| r-release-linux-x86_64 | 1.6 | 13.17 | 100.85 | 114.02 | OK | |
| r-release-macos-arm64 | 1.6 | 6.00 | 53.00 | 59.00 | OK | |
| r-release-macos-x86_64 | 1.6 | 21.00 | 108.00 | 129.00 | OK | |
| r-release-windows-x86_64 | 1.6 | 11.00 | 99.00 | 110.00 | OK | |
| r-oldrel-macos-arm64 | 1.6 | 5.00 | 48.00 | 53.00 | OK | |
| r-oldrel-macos-x86_64 | 1.6 | 8.00 | 66.00 | 74.00 | OK | |
| r-oldrel-windows-x86_64 | 1.6 | 16.00 | 123.00 | 139.00 | OK |
Version: 1.6
Check: dependencies in R code
Result: NOTE
Namespace in Imports field not imported from: ‘svglite’
All declared Imports should be used.
Flavors: r-devel-linux-x86_64-fedora-clang, r-devel-linux-x86_64-fedora-gcc