Last updated on 2025-10-21 11:53:26 CEST.
Flavor | Version | Tinstall | Tcheck | Ttotal | Status | Flags |
---|---|---|---|---|---|---|
r-devel-linux-x86_64-debian-clang | 0.0.9 | 6.78 | 109.50 | 116.28 | NOTE | |
r-devel-linux-x86_64-debian-gcc | 0.0.9 | 5.04 | 150.74 | 155.78 | NOTE | |
r-devel-linux-x86_64-fedora-clang | 0.0.9 | 146.69 | OK | |||
r-devel-linux-x86_64-fedora-gcc | 0.0.9 | 17.00 | 158.28 | 175.28 | OK | |
r-devel-windows-x86_64 | 0.0.9 | 9.00 | 91.00 | 100.00 | OK | |
r-patched-linux-x86_64 | 0.0.9 | 6.46 | 119.83 | 126.29 | OK | |
r-release-linux-x86_64 | 0.0.9 | 7.50 | 124.55 | 132.05 | OK | |
r-release-macos-arm64 | 0.0.9 | 66.00 | OK | |||
r-release-macos-x86_64 | 0.0.9 | 6.00 | 75.00 | 81.00 | OK | |
r-release-windows-x86_64 | 0.0.9 | 9.00 | 89.00 | 98.00 | OK | |
r-oldrel-macos-arm64 | 0.0.9 | 41.00 | OK | |||
r-oldrel-macos-x86_64 | 0.0.9 | 67.00 | OK | |||
r-oldrel-windows-x86_64 | 0.0.9 | 12.00 | 110.00 | 122.00 | OK |
Version: 0.0.9
Check: CRAN incoming feasibility
Result: NOTE
Maintainer: ‘Larsen Kim <kblarsen4@gmail.com>’
Found the following \keyword or \concept entries
which likely give several index terms:
File ‘Information.Rd’:
\keyword{IV,}
\keyword{NIV,}
\keyword{NWOE,}
\keyword{WOE,}
\keyword{classification,}
\keyword{weight-of-evidence,}
Flavors: r-devel-linux-x86_64-debian-clang, r-devel-linux-x86_64-debian-gcc
Version: 0.0.9
Check: HTML version of manual
Result: NOTE
Found the following HTML validation problems:
Aggregate.html:62:1 (Aggregate.Rd:18): Warning: missing </ul> before </div>
CheckInputs.html:59:1 (CheckInputs.Rd:16): Warning: missing </ul> before </div>
MultiPlot.html:54:1 (MultiPlot.Rd:14): Warning: missing </ul> before </div>
NWOE.html:50:1 (NWOE.Rd:12): Warning: missing </ul> before </div>
SinglePlot.html:54:1 (SinglePlot.Rd:14): Warning: missing </ul> before </div>
WOE.html:50:1 (WOE.Rd:12): Warning: missing </ul> before </div>
is.binary.html:46:1 (is.binary.Rd:10): Warning: missing </ul> before </div>
penalty.html:54:1 (penalty.Rd:14): Warning: missing </ul> before </div>
Flavors: r-devel-linux-x86_64-debian-clang, r-devel-linux-x86_64-debian-gcc