Last updated on 2025-10-21 23:50:58 CEST.
Flavor | Version | Tinstall | Tcheck | Ttotal | Status | Flags |
---|---|---|---|---|---|---|
r-devel-linux-x86_64-debian-clang | 1.0 | 25.83 | 69.36 | 95.19 | WARN | |
r-devel-linux-x86_64-debian-gcc | 1.0 | 18.76 | 52.44 | 71.20 | WARN | |
r-devel-linux-x86_64-fedora-clang | 1.0 | 58.00 | 89.41 | 147.41 | NOTE | |
r-devel-linux-x86_64-fedora-gcc | 1.0 | 134.00 | 28.44 | 162.44 | NOTE | |
r-devel-windows-x86_64 | 1.0 | 33.00 | 104.00 | 137.00 | NOTE | |
r-patched-linux-x86_64 | 1.0 | 29.26 | 66.87 | 96.13 | NOTE | |
r-release-linux-x86_64 | 1.0 | 26.14 | 66.18 | 92.32 | NOTE | |
r-release-macos-arm64 | 1.0 | 12.00 | 33.00 | 45.00 | NOTE | |
r-release-macos-x86_64 | 1.0 | 25.00 | 78.00 | 103.00 | NOTE | |
r-release-windows-x86_64 | 1.0 | 38.00 | 107.00 | 145.00 | NOTE | |
r-oldrel-macos-arm64 | 1.0 | 11.00 | 30.00 | 41.00 | NOTE | |
r-oldrel-macos-x86_64 | 1.0 | 20.00 | 67.00 | 87.00 | NOTE | |
r-oldrel-windows-x86_64 | 1.0 | 41.00 | 129.00 | 170.00 | NOTE |
Version: 1.0
Check: whether package can be installed
Result: WARN
Found the following significant warnings:
/home/hornik/tmp/R.check/r-devel-clang/Work/build/Packages/RcppArmadillo/include/RcppArmadillo/version/arma.h:66:17: warning: Using fallback compilation with Armadillo 14.6.3. Please consider defining -DARMA_USE_CURRENT and also removing C++11 compilation directive. See GitHub issue #475 for more. [-W#pragma-messages]
See ‘/home/hornik/tmp/R.check/r-devel-clang/Work/PKGS/JFM.Rcheck/00install.out’ for details.
* used C++ compiler: ‘Debian clang version 19.1.7 (7)’
Flavor: r-devel-linux-x86_64-debian-clang
Version: 1.0
Check: C++ specification
Result: NOTE
Specified C++11: please drop specification unless essential
Flavors: r-devel-linux-x86_64-debian-clang, r-devel-linux-x86_64-debian-gcc, r-devel-linux-x86_64-fedora-clang, r-devel-linux-x86_64-fedora-gcc, r-devel-windows-x86_64, r-patched-linux-x86_64, r-release-linux-x86_64, r-release-macos-arm64, r-release-macos-x86_64, r-release-windows-x86_64, r-oldrel-macos-arm64, r-oldrel-macos-x86_64, r-oldrel-windows-x86_64
Version: 1.0
Check: HTML version of manual
Result: NOTE
Found the following HTML validation problems:
compute_triangle_area_rcpp.html:40:1 (compute_triangle_area_rcpp.Rd:7): Warning: missing </ul> before </div>
Flavors: r-devel-linux-x86_64-debian-clang, r-devel-linux-x86_64-debian-gcc
Version: 1.0
Check: whether package can be installed
Result: WARN
Found the following significant warnings:
/home/hornik/tmp/R.check/r-devel-gcc/Work/build/Packages/RcppArmadillo/include/RcppArmadillo/version/arma.h:66:199: note: ‘#pragma message: Using fallback compilation with Armadillo 14.6.3. Please consider defining -DARMA_USE_CURRENT and also removing C++11 compilation directive. See GitHub issue #475 for more.’
See ‘/home/hornik/tmp/R.check/r-devel-gcc/Work/PKGS/JFM.Rcheck/00install.out’ for details.
* used C++ compiler: ‘g++-15 (Debian 15.2.0-4) 15.2.0’
Flavor: r-devel-linux-x86_64-debian-gcc
Version: 1.0
Check: installed package size
Result: NOTE
installed size is 7.4Mb
sub-directories of 1Mb or more:
extdata 5.5Mb
libs 1.7Mb
Flavors: r-oldrel-macos-arm64, r-oldrel-macos-x86_64, r-oldrel-windows-x86_64