Last updated on 2025-10-21 23:50:58 CEST.
Flavor | Version | Tinstall | Tcheck | Ttotal | Status | Flags |
---|---|---|---|---|---|---|
r-devel-linux-x86_64-debian-clang | 2.1.0 | 10.07 | 53.25 | 63.32 | NOTE | |
r-devel-linux-x86_64-debian-gcc | 2.1.0 | 7.06 | 43.62 | 50.68 | NOTE | |
r-devel-linux-x86_64-fedora-clang | 2.1.0 | 26.00 | 66.55 | 92.55 | NOTE | |
r-devel-linux-x86_64-fedora-gcc | 2.1.0 | 16.00 | 90.14 | 106.14 | NOTE | |
r-devel-windows-x86_64 | 2.1.0 | 15.00 | 107.00 | 122.00 | OK | |
r-patched-linux-x86_64 | 2.1.0 | 10.85 | 50.71 | 61.56 | OK | |
r-release-linux-x86_64 | 2.1.0 | 9.75 | 50.68 | 60.43 | OK | |
r-release-macos-arm64 | 2.1.0 | 6.00 | 47.00 | 53.00 | OK | |
r-release-macos-x86_64 | 2.1.0 | 8.00 | 118.00 | 126.00 | OK | |
r-release-windows-x86_64 | 2.1.0 | 15.00 | 112.00 | 127.00 | OK | |
r-oldrel-macos-arm64 | 2.1.0 | 6.00 | 43.00 | 49.00 | OK | |
r-oldrel-macos-x86_64 | 2.1.0 | 8.00 | 90.00 | 98.00 | OK | |
r-oldrel-windows-x86_64 | 2.1.0 | 18.00 | 121.00 | 139.00 | OK |
Version: 2.1.0
Check: HTML version of manual
Result: NOTE
Found the following HTML validation problems:
grid_probs.html:59:1 (grid_probs.Rd:17): Warning: missing </ul> before </div>
Flavors: r-devel-linux-x86_64-debian-clang, r-devel-linux-x86_64-debian-gcc
Version: 2.1.0
Check: dependencies in R code
Result: NOTE
Namespace in Imports field not imported from: ‘doParallel’
All declared Imports should be used.
Flavors: r-devel-linux-x86_64-fedora-clang, r-devel-linux-x86_64-fedora-gcc