CRAN Package Check Results for Package JQL

Last updated on 2025-10-21 23:50:58 CEST.

Flavor Version Tinstall Tcheck Ttotal Status Flags
r-devel-linux-x86_64-debian-clang 3.6.9 14.84 123.91 138.75 NOTE
r-devel-linux-x86_64-debian-gcc 3.6.9 11.03 85.20 96.23 NOTE
r-devel-linux-x86_64-fedora-clang 3.6.9 36.00 178.68 214.68 OK
r-devel-linux-x86_64-fedora-gcc 3.6.9 35.00 166.12 201.12 OK
r-devel-windows-x86_64 3.6.9 16.00 114.00 130.00 OK
r-patched-linux-x86_64 3.6.9 14.21 115.65 129.86 OK
r-release-linux-x86_64 3.6.9 14.95 116.48 131.43 OK
r-release-macos-arm64 3.6.9 7.00 45.00 52.00 OK
r-release-macos-x86_64 3.6.9 12.00 82.00 94.00 OK
r-release-windows-x86_64 3.6.9 15.00 116.00 131.00 OK
r-oldrel-macos-arm64 3.6.9 6.00 49.00 55.00 OK
r-oldrel-macos-x86_64 3.6.9 9.00 76.00 85.00 OK
r-oldrel-windows-x86_64 3.6.9 21.00 150.00 171.00 OK

Check Details

Version: 3.6.9
Check: CRAN incoming feasibility
Result: NOTE Maintainer: ‘Hengrui Cai <hcai5@ncsu.edu>’ No Authors@R field in DESCRIPTION. Please add one, modifying Authors@R: c(person(given = "Hengrui", family = "Cai", role = c("aut", "cre"), email = "hcai5@ncsu.edu"), person(given = "Chengchun", family = "shi", role = "aut", email = "cshi4@ncsu.edu"), person(given = "Rui", family = "Song", role = "aut", email = "rsong@ncsu.edu"), person(given = "Wenbin", family = "Lu", role = "aut", email = "wlu4@ncsu.edu")) as necessary. Flavors: r-devel-linux-x86_64-debian-clang, r-devel-linux-x86_64-debian-gcc