Last updated on 2025-10-21 23:50:58 CEST.
Flavor | Version | Tinstall | Tcheck | Ttotal | Status | Flags |
---|---|---|---|---|---|---|
r-devel-linux-x86_64-debian-clang | 1.0.6 | 16.88 | 162.29 | 179.17 | NOTE | |
r-devel-linux-x86_64-debian-gcc | 1.0.6 | 10.02 | 111.44 | 121.46 | NOTE | |
r-devel-linux-x86_64-fedora-clang | 1.0.6 | 68.00 | 226.54 | 294.54 | NOTE | |
r-devel-linux-x86_64-fedora-gcc | 1.0.6 | 32.00 | 273.28 | 305.28 | NOTE | |
r-devel-windows-x86_64 | 1.0.6 | 19.00 | 165.00 | 184.00 | NOTE | |
r-patched-linux-x86_64 | 1.0.6 | 16.34 | 153.09 | 169.43 | NOTE | |
r-release-linux-x86_64 | 1.0.6 | 13.25 | 153.67 | 166.92 | NOTE | |
r-release-macos-arm64 | 1.0.6 | 9.00 | 110.00 | 119.00 | NOTE | |
r-release-macos-x86_64 | 1.0.6 | 16.00 | 197.00 | 213.00 | NOTE | |
r-release-windows-x86_64 | 1.0.6 | 20.00 | 168.00 | 188.00 | NOTE | |
r-oldrel-macos-arm64 | 1.0.6 | 7.00 | 75.00 | 82.00 | OK | |
r-oldrel-macos-x86_64 | 1.0.6 | 18.00 | 152.00 | 170.00 | OK | |
r-oldrel-windows-x86_64 | 1.0.6 | 25.00 | 213.00 | 238.00 | OK |
Version: 1.0.6
Check: DESCRIPTION meta-information
Result: NOTE
Missing dependency on R >= 4.1.0 because package code uses the pipe
|> or function shorthand \(...) syntax added in R 4.1.0.
File(s) using such syntax:
‘helpfunctions_melt.R’
Flavors: r-devel-linux-x86_64-debian-clang, r-devel-linux-x86_64-debian-gcc, r-devel-linux-x86_64-fedora-clang, r-devel-linux-x86_64-fedora-gcc, r-devel-windows-x86_64, r-patched-linux-x86_64, r-release-linux-x86_64, r-release-macos-arm64, r-release-macos-x86_64, r-release-windows-x86_64
Version: 1.0.6
Check: HTML version of manual
Result: NOTE
Found the following HTML validation problems:
Surv.html:92:1 (Surv.Rd:46): Warning: missing </ul> before </div>
add_linebreaks.html:55:1 (add_linebreaks.Rd:14): Warning: missing </ul> before </div>
all_vars.html:46:1 (all_vars.Rd:10): Warning: missing </ul> before </div>
bs.html:90:1 (bs.Rd:40): Warning: missing </ul> before </div>
check_rd_vcov.html:51:1 (check_rd_vcov.Rd:13): Warning: missing </ul> before </div>
difftime_df.html:46:1 (difftime_df.Rd:10): Warning: missing </ul> before </div>
duration_obj.html:46:1 (duration_obj.Rd:10): Warning: missing </ul> before </div>
extract_id.html:51:1 (extract_id.Rd:12): Warning: missing </ul> before </div>
get_Mlist.html:46:1 (get_Mlist.Rd:10): Warning: missing </ul> before </div>
get_family.html:46:1 (get_family.Rd:10): Warning: missing </ul> before </div>
get_modeltype.html:46:1 (get_modeltype.Rd:10): Warning: missing </ul> before </div>
ns.html:78:1 (ns.Rd:32): Warning: missing </ul> before </div>
paste_linpred.html:77:1 (paste_linpred.Rd:27): Warning: missing </ul> before </div>
rd_vcov.html:89:1 (rd_vcov.Rd:37): Warning: missing </ul> before </div>
reformat_difftime.html:46:1 (reformat_difftime.Rd:10): Warning: missing </ul> before </div>
sharedParams.html:183:1 (sharedParams.Rd:104): Warning: missing </ul> before </div>
sum_duration.html:56:1 (sum_duration.Rd:18): Warning: missing </ul> before </div>
Flavors: r-devel-linux-x86_64-debian-clang, r-devel-linux-x86_64-debian-gcc