CRAN Package Check Results for Package KOFM

Last updated on 2025-10-22 05:51:15 CEST.

Flavor Version Tinstall Tcheck Ttotal Status Flags
r-devel-linux-x86_64-debian-clang 0.1.1 7.28 99.31 106.59 OK
r-devel-linux-x86_64-debian-gcc 0.1.1 5.16 72.49 77.65 OK
r-devel-linux-x86_64-fedora-clang 0.1.1 15.00 136.59 151.59 OK
r-devel-linux-x86_64-fedora-gcc 0.1.1 14.00 154.73 168.73 OK
r-devel-windows-x86_64 0.1.1 8.00 101.00 109.00 OK
r-patched-linux-x86_64 0.1.1 6.98 99.63 106.61 OK
r-release-linux-x86_64 0.1.1 6.97 100.07 107.04 OK
r-release-macos-arm64 0.1.1 4.00 69.00 73.00 OK
r-release-macos-x86_64 0.1.1 5.00 100.00 105.00 OK
r-release-windows-x86_64 0.1.1 9.00 102.00 111.00 OK
r-oldrel-macos-arm64 0.1.1 4.00 57.00 61.00 OK
r-oldrel-macos-x86_64 0.1.1 21.00 166.00 187.00 OK
r-oldrel-windows-x86_64 0.1.1 10.00 125.00 135.00 ERROR

Check Details

Version: 0.1.1
Check: re-building of vignette outputs
Result: ERROR Error(s) in re-building vignettes: --- re-building 'A-short-introduction-to-KOFM.Rmd' using rmarkdown Quitting from A-short-introduction-to-KOFM.Rmd:181-188 [unnamed-chunk-16] ~~~~~~~~~~~~~~~~~~~~~~~~~~~~~~~~~~~~~~~~~~~~~~~~~~~~~~~~~~~~~~~~~~~~~~~~~~~~~~~~ <error/rlang_error> Error in `svd()`: ! infinite or missing values in 'x' --- Backtrace: ▆ 1. └─KOFM::testKron_auto(...) 2. └─base::svd(...) ~~~~~~~~~~~~~~~~~~~~~~~~~~~~~~~~~~~~~~~~~~~~~~~~~~~~~~~~~~~~~~~~~~~~~~~~~~~~~~~~ Error: processing vignette 'A-short-introduction-to-KOFM.Rmd' failed with diagnostics: infinite or missing values in 'x' --- failed re-building 'A-short-introduction-to-KOFM.Rmd' SUMMARY: processing the following file failed: 'A-short-introduction-to-KOFM.Rmd' Error: Vignette re-building failed. Execution halted Flavor: r-oldrel-windows-x86_64