Last updated on 2025-10-24 05:50:44 CEST.
| Flavor | Version | Tinstall | Tcheck | Ttotal | Status | Flags |
|---|---|---|---|---|---|---|
| r-devel-linux-x86_64-debian-clang | 1.0.1 | 2.52 | 26.49 | 29.01 | NOTE | |
| r-devel-linux-x86_64-debian-gcc | 1.0.1 | 1.83 | 21.30 | 23.13 | NOTE | |
| r-devel-linux-x86_64-fedora-clang | 1.0.1 | 38.82 | OK | |||
| r-devel-linux-x86_64-fedora-gcc | 1.0.1 | 37.85 | OK | |||
| r-devel-windows-x86_64 | 1.0.1 | 4.00 | 44.00 | 48.00 | OK | |
| r-patched-linux-x86_64 | 1.0.1 | 2.44 | 24.04 | 26.48 | OK | |
| r-release-linux-x86_64 | 1.0.1 | 2.31 | 24.21 | 26.52 | OK | |
| r-release-macos-arm64 | 1.0.1 | 1.00 | 15.00 | 16.00 | OK | |
| r-release-macos-x86_64 | 1.0.1 | 2.00 | 25.00 | 27.00 | OK | |
| r-release-windows-x86_64 | 1.0.1 | 4.00 | 46.00 | 50.00 | OK | |
| r-oldrel-macos-arm64 | 1.0.1 | 1.00 | 15.00 | 16.00 | NOTE | |
| r-oldrel-macos-x86_64 | 1.0.1 | 2.00 | 24.00 | 26.00 | NOTE | |
| r-oldrel-windows-x86_64 | 1.0.1 | 5.00 | 52.00 | 57.00 | NOTE |
Version: 1.0.1
Check: CRAN incoming feasibility
Result: NOTE
Maintainer: ‘Min Hyung Kang <Minhyung.Daniel.Kang@gmail.com>’
The Description field contains
<arXiv:1602.03253>.
Please refer to arXiv e-prints via their arXiv DOI <doi:10.48550/arXiv.YYMM.NNNNN>.
Flavors: r-devel-linux-x86_64-debian-clang, r-devel-linux-x86_64-debian-gcc
Version: 1.0.1
Check: HTML version of manual
Result: NOTE
Found the following HTML validation problems:
demo_iris.html:60:1 (demo_iris.Rd:15): Warning: missing </ul> before </div>
demo_simple_gamma.html:70:1 (demo_simple_gamma.Rd:24): Warning: missing </ul> before </div>
demo_simple_gaussian.html:64:1 (demo_simple_gaussian.Rd:18): Warning: missing </ul> before </div>
Flavor: r-devel-linux-x86_64-debian-clang
Version: 1.0.1
Check: LazyData
Result: NOTE
'LazyData' is specified without a 'data' directory
Flavors: r-oldrel-macos-arm64, r-oldrel-macos-x86_64, r-oldrel-windows-x86_64