CRAN Package Check Results for Package LCFdata

Last updated on 2025-10-21 17:49:52 CEST.

Flavor Version Tinstall Tcheck Ttotal Status Flags
r-devel-linux-x86_64-debian-clang 2.0 1.29 18.06 19.35 NOTE
r-devel-linux-x86_64-debian-gcc 2.0 1.08 15.24 16.32 NOTE
r-devel-linux-x86_64-fedora-clang 2.0 25.29 OK
r-devel-linux-x86_64-fedora-gcc 2.0 25.47 OK
r-devel-windows-x86_64 2.0 2.00 33.00 35.00 OK
r-patched-linux-x86_64 2.0 1.36 16.87 18.23 OK
r-release-linux-x86_64 2.0 1.28 16.94 18.22 OK
r-release-macos-arm64 2.0 1.00 14.00 15.00 OK
r-release-macos-x86_64 2.0 1.00 20.00 21.00 OK
r-release-windows-x86_64 2.0 2.00 34.00 36.00 OK
r-oldrel-macos-arm64 2.0 1.00 11.00 12.00 OK
r-oldrel-macos-x86_64 2.0 1.00 18.00 19.00 OK
r-oldrel-windows-x86_64 2.0 2.00 34.00 36.00 OK

Check Details

Version: 2.0
Check: CRAN incoming feasibility
Result: NOTE Maintainer: ‘Antoine Tremblay <trea26@gmail.com>’ No Authors@R field in DESCRIPTION. Please add one, modifying Authors@R: c(person(given = "Antoine", family = "Tremblay", role = c("aut", "cre"), email = "trea26@gmail.com"), person(given = c("Department", "of"), family = "Psychology", role = "aut"), person(given = "Dalhousie", family = "University", role = "aut")) as necessary. Flavors: r-devel-linux-x86_64-debian-clang, r-devel-linux-x86_64-debian-gcc