Last updated on 2025-10-23 05:51:57 CEST.
Flavor | Version | Tinstall | Tcheck | Ttotal | Status | Flags |
---|---|---|---|---|---|---|
r-devel-linux-x86_64-debian-clang | 1.0 | 9.04 | 78.83 | 87.87 | NOTE | |
r-devel-linux-x86_64-debian-gcc | 1.0 | 6.12 | 56.54 | 62.66 | NOTE | |
r-devel-linux-x86_64-fedora-clang | 1.0 | 47.00 | 97.64 | 144.64 | OK | |
r-devel-linux-x86_64-fedora-gcc | 1.0 | 19.00 | 107.81 | 126.81 | OK | |
r-devel-windows-x86_64 | 1.0 | 10.00 | 90.00 | 100.00 | OK | |
r-patched-linux-x86_64 | 1.0 | 7.76 | 74.70 | 82.46 | OK | |
r-release-linux-x86_64 | 1.0 | 9.26 | 75.03 | 84.29 | OK | |
r-release-macos-arm64 | 1.0 | 4.00 | 35.00 | 39.00 | OK | |
r-release-macos-x86_64 | 1.0 | 17.00 | 93.00 | 110.00 | OK | |
r-release-windows-x86_64 | 1.0 | 10.00 | 92.00 | 102.00 | OK | |
r-oldrel-macos-arm64 | 1.0 | 4.00 | 36.00 | 40.00 | OK | |
r-oldrel-macos-x86_64 | 1.0 | 6.00 | 51.00 | 57.00 | OK | |
r-oldrel-windows-x86_64 | 1.0 | 13.00 | 108.00 | 121.00 | OK |
Version: 1.0
Check: CRAN incoming feasibility
Result: NOTE
Maintainer: ‘Zihuai He <zihuai@umich.edu>’
No Authors@R field in DESCRIPTION.
Please add one, modifying
Authors@R: person(given = "Zihuai",
family = "He",
role = c("aut", "cre"),
email = "zihuai@umich.edu")
as necessary.
Flavors: r-devel-linux-x86_64-debian-clang, r-devel-linux-x86_64-debian-gcc