Last updated on 2025-10-22 23:50:00 CEST.
Flavor | Version | Tinstall | Tcheck | Ttotal | Status | Flags |
---|---|---|---|---|---|---|
r-devel-linux-x86_64-debian-clang | 1.7.0 | 17.57 | 100.52 | 118.09 | NOTE | |
r-devel-linux-x86_64-debian-gcc | 1.7.0 | 11.28 | 72.83 | 84.11 | OK | |
r-devel-linux-x86_64-fedora-clang | 1.7.0 | 36.00 | 141.61 | 177.61 | OK | |
r-devel-linux-x86_64-fedora-gcc | 1.7.0 | 34.00 | 151.01 | 185.01 | OK | |
r-devel-windows-x86_64 | 1.7.0 | 17.00 | 106.00 | 123.00 | OK | |
r-patched-linux-x86_64 | 1.7.0 | 16.63 | 95.48 | 112.11 | OK | |
r-release-linux-x86_64 | 1.7.0 | 16.83 | 95.51 | 112.34 | OK | |
r-release-macos-arm64 | 1.7.0 | 15.00 | 109.00 | 124.00 | OK | |
r-release-macos-x86_64 | 1.7.0 | 21.00 | 110.00 | 131.00 | OK | |
r-release-windows-x86_64 | 1.7.0 | 19.00 | 106.00 | 125.00 | OK | |
r-oldrel-macos-arm64 | 1.7.0 | 11.00 | 60.00 | 71.00 | OK | |
r-oldrel-macos-x86_64 | 1.7.0 | 30.00 | 143.00 | 173.00 | OK | |
r-oldrel-windows-x86_64 | 1.7.0 | 27.00 | 129.00 | 156.00 | OK |
Version: 1.7.0
Check: HTML version of manual
Result: NOTE
Found the following HTML validation problems:
ViewExcel.html:50:1 (ViewExcel.Rd:12): Warning: missing </ul> before </div>
smallSet.html:50:1 (smallSet.Rd:12): Warning: missing </ul> before </div>
Flavor: r-devel-linux-x86_64-debian-clang