Last updated on 2024-05-26 21:49:20 CEST.
Flavor | Version | Tinstall | Tcheck | Ttotal | Status | Flags |
---|---|---|---|---|---|---|
r-devel-linux-x86_64-debian-clang | 3.1.2 | 44.54 | 326.05 | 370.59 | OK | |
r-devel-linux-x86_64-debian-gcc | 3.1.2 | 26.51 | 207.69 | 234.20 | OK | |
r-devel-linux-x86_64-fedora-clang | 3.1.2 | 446.22 | NOTE | |||
r-devel-linux-x86_64-fedora-gcc | 3.1.2 | 392.56 | OK | |||
r-devel-windows-x86_64 | 3.1.2 | 34.00 | 217.00 | 251.00 | OK | |
r-patched-linux-x86_64 | 3.1.2 | 39.99 | 277.84 | 317.83 | OK | |
r-release-linux-x86_64 | 3.1.2 | 32.50 | 282.66 | 315.16 | OK | |
r-release-macos-arm64 | 3.1.2 | 97.00 | OK | |||
r-release-windows-x86_64 | 3.1.2 | 33.00 | 226.00 | 259.00 | OK | |
r-oldrel-macos-arm64 | 3.1.2 | 113.00 | OK | |||
r-oldrel-macos-x86_64 | 3.1.2 | 224.00 | OK | |||
r-oldrel-windows-x86_64 | 3.1.2 | 42.00 | 279.00 | 321.00 | OK |
Version: 3.1.2
Check: installed package size
Result: NOTE
installed size is 7.2Mb
sub-directories of 1Mb or more:
libs 5.5Mb
Flavor: r-devel-linux-x86_64-fedora-clang