Last updated on 2025-10-24 05:50:45 CEST.
| Flavor | Version | Tinstall | Tcheck | Ttotal | Status | Flags |
|---|---|---|---|---|---|---|
| r-devel-linux-x86_64-debian-clang | 1.0.1 | 3.49 | 36.42 | 39.91 | NOTE | |
| r-devel-linux-x86_64-debian-gcc | 1.0.1 | 2.51 | 28.61 | 31.12 | OK | |
| r-devel-linux-x86_64-fedora-clang | 1.0.1 | 58.25 | OK | |||
| r-devel-linux-x86_64-fedora-gcc | 1.0.1 | 57.14 | OK | |||
| r-devel-windows-x86_64 | 1.0.1 | 5.00 | 57.00 | 62.00 | OK | |
| r-patched-linux-x86_64 | 1.0.1 | 2.78 | 33.82 | 36.60 | OK | |
| r-release-linux-x86_64 | 1.0.1 | 2.74 | 33.80 | 36.54 | OK | |
| r-release-macos-arm64 | 1.0.1 | 2.00 | 25.00 | 27.00 | OK | |
| r-release-macos-x86_64 | 1.0.1 | 3.00 | 31.00 | 34.00 | OK | |
| r-release-windows-x86_64 | 1.0.1 | 6.00 | 58.00 | 64.00 | OK | |
| r-oldrel-macos-arm64 | 1.0.1 | 2.00 | 20.00 | 22.00 | OK | |
| r-oldrel-macos-x86_64 | 1.0.1 | 3.00 | 30.00 | 33.00 | OK | |
| r-oldrel-windows-x86_64 | 1.0.1 | 6.00 | 68.00 | 74.00 | OK |
Version: 1.0.1
Check: HTML version of manual
Result: NOTE
Found the following HTML validation problems:
BoxplotStrategybyPerformance.html:68:1 (BoxplotStrategybyPerformance.Rd:24): Warning: missing </ul> before </div>
Flavor: r-devel-linux-x86_64-debian-clang