Last updated on 2025-10-22 17:49:42 CEST.
Flavor | Version | Tinstall | Tcheck | Ttotal | Status | Flags |
---|---|---|---|---|---|---|
r-devel-linux-x86_64-debian-clang | 1.3.0 | 29.13 | 71.07 | 100.20 | NOTE | |
r-devel-linux-x86_64-debian-gcc | 1.3.0 | 19.88 | 51.81 | 71.69 | NOTE | |
r-devel-linux-x86_64-fedora-clang | 1.3.0 | 73.00 | 89.52 | 162.52 | OK | |
r-devel-linux-x86_64-fedora-gcc | 1.3.0 | 64.00 | 92.34 | 156.34 | OK | |
r-devel-windows-x86_64 | 1.3.0 | 33.00 | 103.00 | 136.00 | OK | |
r-patched-linux-x86_64 | 1.3.0 | 31.42 | 66.12 | 97.54 | OK | |
r-release-linux-x86_64 | 1.3.0 | 28.55 | 65.43 | 93.98 | OK | |
r-release-macos-arm64 | 1.3.0 | 14.00 | 30.00 | 44.00 | OK | |
r-release-macos-x86_64 | 1.3.0 | 28.00 | 79.00 | 107.00 | OK | |
r-release-windows-x86_64 | 1.3.0 | 33.00 | 105.00 | 138.00 | OK | |
r-oldrel-macos-arm64 | 1.3.0 | 16.00 | 34.00 | 50.00 | OK | |
r-oldrel-macos-x86_64 | 1.3.0 | 28.00 | 60.00 | 88.00 | OK | |
r-oldrel-windows-x86_64 | 1.3.0 | 36.00 | 125.00 | 161.00 | OK |
Version: 1.3.0
Check: HTML version of manual
Result: NOTE
Found the following HTML validation problems:
CDF.html:106:1 (CDF.Rd:59): Warning: <h5> anchor "Usage" already defined
CDF.html:112:1 (CDF.Rd:63): Warning: <h5> anchor "Arguments" already defined
CDF.html:125:1 (CDF.Rd:70): Warning: <h5> anchor "Returns" already defined
OneSampleTest.html:86:1 (OneSampleTest.Rd:42): Warning: missing </ul> before </div>
PermuTest.html:189:1 (PermuTest.Rd:105): Warning: missing </ul> before </div>
PermuTest.html:134:1 (PermuTest.Rd:76): Warning: <h5> anchor "Usage" already defined
PermuTest.html:140:1 (PermuTest.Rd:80): Warning: <h5> anchor "Returns" already defined
PermuTest.html:157:1 (PermuTest.Rd:89): Warning: <h5> anchor "Usage" already defined
PermuTest.html:163:1 (PermuTest.Rd:93): Warning: <h5> anchor "Arguments" already defined
PermuTest.html:178:1 (PermuTest.Rd:102): Warning: <h5> anchor "Returns" already defined
Flavors: r-devel-linux-x86_64-debian-clang, r-devel-linux-x86_64-debian-gcc