CRAN Package Check Results for Package LimnoPalettes

Last updated on 2025-10-21 17:49:52 CEST.

Flavor Version Tinstall Tcheck Ttotal Status Flags
r-devel-linux-x86_64-debian-clang 0.1.0 1.43 19.02 20.45 NOTE
r-devel-linux-x86_64-debian-gcc 0.1.0 1.25 15.68 16.93 NOTE
r-devel-linux-x86_64-fedora-clang 0.1.0 27.96 OK
r-devel-linux-x86_64-fedora-gcc 0.1.0 26.91 OK
r-devel-windows-x86_64 0.1.0 2.00 33.00 35.00 OK
r-patched-linux-x86_64 0.1.0 1.52 17.11 18.63 OK
r-release-linux-x86_64 0.1.0 1.56 16.86 18.42 OK
r-release-macos-arm64 0.1.0 1.00 11.00 12.00 OK
r-release-macos-x86_64 0.1.0 2.00 20.00 22.00 OK
r-release-windows-x86_64 0.1.0 3.00 35.00 38.00 OK
r-oldrel-macos-arm64 0.1.0 1.00 12.00 13.00 NOTE
r-oldrel-macos-x86_64 0.1.0 1.00 18.00 19.00 NOTE
r-oldrel-windows-x86_64 0.1.0 4.00 33.00 37.00 NOTE

Check Details

Version: 0.1.0
Check: HTML version of manual
Result: NOTE Found the following HTML validation problems: print.palette.html:51:1 (print.palette.Rd:12): Warning: missing </ul> before </div> Flavors: r-devel-linux-x86_64-debian-clang, r-devel-linux-x86_64-debian-gcc

Version: 0.1.0
Check: LazyData
Result: NOTE 'LazyData' is specified without a 'data' directory Flavors: r-oldrel-macos-arm64, r-oldrel-macos-x86_64, r-oldrel-windows-x86_64