Last updated on 2025-10-24 05:50:44 CEST.
| Flavor | Version | Tinstall | Tcheck | Ttotal | Status | Flags |
|---|---|---|---|---|---|---|
| r-devel-linux-x86_64-debian-clang | 1.4.0 | 3.66 | 31.36 | 35.02 | NOTE | |
| r-devel-linux-x86_64-debian-gcc | 1.4.0 | 2.36 | 24.59 | 26.95 | NOTE | |
| r-devel-linux-x86_64-fedora-clang | 1.4.0 | 51.21 | OK | |||
| r-devel-linux-x86_64-fedora-gcc | 1.4.0 | 49.23 | OK | |||
| r-devel-windows-x86_64 | 1.4.0 | 5.00 | 47.00 | 52.00 | OK | |
| r-patched-linux-x86_64 | 1.4.0 | 3.27 | 29.19 | 32.46 | OK | |
| r-release-linux-x86_64 | 1.4.0 | 3.31 | 28.98 | 32.29 | OK | |
| r-release-macos-arm64 | 1.4.0 | 1.00 | 18.00 | 19.00 | OK | |
| r-release-macos-x86_64 | 1.4.0 | 5.00 | 45.00 | 50.00 | OK | |
| r-release-windows-x86_64 | 1.4.0 | 4.00 | 50.00 | 54.00 | OK | |
| r-oldrel-macos-arm64 | 1.4.0 | 2.00 | 24.00 | 26.00 | OK | |
| r-oldrel-macos-x86_64 | 1.4.0 | 4.00 | 38.00 | 42.00 | OK | |
| r-oldrel-windows-x86_64 | 1.4.0 | 7.00 | 60.00 | 67.00 | OK |
Version: 1.4.0
Check: CRAN incoming feasibility
Result: NOTE
Maintainer: ‘Alexander Grueneberg <cran@agrueneberg.info>’
Package CITATION file contains call(s) to old-style citEntry(). Please
use bibentry() instead.
Flavors: r-devel-linux-x86_64-debian-clang, r-devel-linux-x86_64-debian-gcc